Last updated on 2019-01-19 00:46:41 CET.
Flavor | Version | Tinstall | Tcheck | Ttotal | Status | Flags |
---|---|---|---|---|---|---|
r-devel-linux-x86_64-debian-clang | 0.1 | 2.05 | 46.53 | 48.58 | OK | |
r-devel-linux-x86_64-debian-gcc | 0.1 | 1.88 | 37.70 | 39.58 | OK | |
r-devel-linux-x86_64-fedora-clang | 0.1 | 61.28 | OK | |||
r-devel-linux-x86_64-fedora-gcc | 0.1 | 58.85 | OK | |||
r-devel-windows-ix86+x86_64 | 0.1 | 7.00 | 66.00 | 73.00 | OK | |
r-patched-linux-x86_64 | 0.1 | 1.99 | 45.00 | 46.99 | OK | |
r-patched-solaris-x86 | 0.1 | 71.20 | OK | |||
r-release-linux-x86_64 | 0.1 | 2.38 | 44.97 | 47.35 | OK | |
r-release-windows-ix86+x86_64 | 0.1 | 6.00 | 75.00 | 81.00 | OK | |
r-release-osx-x86_64 | 0.1 | ERROR | ||||
r-oldrel-windows-ix86+x86_64 | 0.1 | 7.00 | 54.00 | 61.00 | OK | |
r-oldrel-osx-x86_64 | 0.1 | ERROR |
Version: 0.1
Check: whether package can be installed
Result: ERROR
Installation failed.
Flavors: r-release-osx-x86_64, r-oldrel-osx-x86_64