CRAN Package Check Results for Package ragt2ridges

Last updated on 2019-01-19 00:46:39 CET.

Flavor Version Tinstall Tcheck Ttotal Status Flags
r-devel-linux-x86_64-debian-clang 0.3.2 68.04 158.41 226.45 OK
r-devel-linux-x86_64-debian-gcc 0.3.2 53.26 119.46 172.72 OK
r-devel-linux-x86_64-fedora-clang 0.3.2 286.23 NOTE
r-devel-linux-x86_64-fedora-gcc 0.3.2 264.94 OK
r-devel-windows-ix86+x86_64 0.3.2 143.00 296.00 439.00 OK
r-patched-linux-x86_64 0.3.2 62.54 143.52 206.06 OK
r-patched-solaris-x86 0.3.2 317.60 OK
r-release-linux-x86_64 0.3.2 69.97 143.81 213.78 OK
r-release-windows-ix86+x86_64 0.3.2 147.00 312.00 459.00 OK
r-release-osx-x86_64 0.3.2 NOTE
r-oldrel-windows-ix86+x86_64 0.3.2 129.00 232.00 361.00 OK
r-oldrel-osx-x86_64 0.3.2 NOTE

Check Details

Version: 0.3.2
Check: installed package size
Result: NOTE
     installed size is 8.6Mb
     sub-directories of 1Mb or more:
     libs 7.9Mb
Flavors: r-devel-linux-x86_64-fedora-clang, r-release-osx-x86_64, r-oldrel-osx-x86_64

Version: 0.3.2
Check: package dependencies
Result: NOTE
    Package suggested but not available for checking: ‘CGHbase’
Flavors: r-release-osx-x86_64, r-oldrel-osx-x86_64

Version: 0.3.2
Check: Rd cross-references
Result: NOTE
    Package unavailable to check Rd xrefs: ‘CGHbase’
Flavors: r-release-osx-x86_64, r-oldrel-osx-x86_64

Version: 0.3.2
Check: data for non-ASCII characters
Result: NOTE
     Error in .requirePackage(package) :
     unable to find required package 'CGHbase'
     Calls: <Anonymous> ... .extendsForS3 -> extends -> getClassDef -> .requirePackage
     Execution halted
Flavors: r-release-osx-x86_64, r-oldrel-osx-x86_64