Last updated on 2019-01-19 00:46:39 CET.
Flavor | Version | Tinstall | Tcheck | Ttotal | Status | Flags |
---|---|---|---|---|---|---|
r-devel-linux-x86_64-debian-clang | 0.1.1 | 2.06 | 26.25 | 28.31 | OK | |
r-devel-linux-x86_64-debian-gcc | 0.1.1 | 1.53 | 21.02 | 22.55 | OK | |
r-devel-linux-x86_64-fedora-clang | 0.1.1 | 33.92 | NOTE | |||
r-devel-linux-x86_64-fedora-gcc | 0.1.1 | 31.96 | NOTE | |||
r-devel-windows-ix86+x86_64 | 0.1.1 | 5.00 | 57.00 | 62.00 | OK | |
r-patched-linux-x86_64 | 0.1.1 | 2.03 | 24.23 | 26.26 | OK | |
r-patched-solaris-x86 | 0.1.1 | 50.70 | NOTE | |||
r-release-linux-x86_64 | 0.1.1 | 1.79 | 23.86 | 25.65 | OK | |
r-release-windows-ix86+x86_64 | 0.1.1 | 5.00 | 50.00 | 55.00 | OK | |
r-release-osx-x86_64 | 0.1.1 | NOTE | ||||
r-oldrel-windows-ix86+x86_64 | 0.1.1 | 6.00 | 41.00 | 47.00 | OK | |
r-oldrel-osx-x86_64 | 0.1.1 | NOTE |
Version: 0.1.1
Check: data for non-ASCII characters
Result: NOTE
Note: found 1557 marked UTF-8 strings
Flavors: r-devel-linux-x86_64-fedora-clang, r-devel-linux-x86_64-fedora-gcc, r-patched-solaris-x86, r-release-osx-x86_64, r-oldrel-osx-x86_64