CRAN Package Check Results for Package rase

Last updated on 2019-01-19 00:46:39 CET.

Flavor Version Tinstall Tcheck Ttotal Status Flags
r-devel-linux-x86_64-debian-clang 0.3-3 8.22 88.81 97.03 OK
r-devel-linux-x86_64-debian-gcc 0.3-3 7.06 70.91 77.97 OK
r-devel-linux-x86_64-fedora-clang 0.3-3 114.01 OK
r-devel-linux-x86_64-fedora-gcc 0.3-3 109.73 OK
r-devel-windows-ix86+x86_64 0.3-3 18.00 140.00 158.00 OK
r-patched-linux-x86_64 0.3-3 7.29 81.49 88.78 OK
r-patched-solaris-x86 0.3-3 187.00 OK
r-release-linux-x86_64 0.3-3 7.72 81.31 89.03 OK
r-release-windows-ix86+x86_64 0.3-3 24.00 118.00 142.00 OK
r-release-osx-x86_64 0.3-3 NOTE
r-oldrel-windows-ix86+x86_64 0.3-3 18.00 100.00 118.00 OK
r-oldrel-osx-x86_64 0.3-3 OK

Check Details

Version: 0.3-3
Check: package dependencies
Result: NOTE
    Package suggested but not available for checking: ‘rpanel’
Flavor: r-release-osx-x86_64