Last updated on 2019-01-19 00:46:39 CET.
Flavor | Version | Tinstall | Tcheck | Ttotal | Status | Flags |
---|---|---|---|---|---|---|
r-devel-linux-x86_64-debian-clang | 0.5.1 | 58.65 | 55.19 | 113.84 | OK | |
r-devel-linux-x86_64-debian-gcc | 0.5.1 | 51.61 | 44.20 | 95.81 | OK | |
r-devel-linux-x86_64-fedora-clang | 0.5.1 | 157.74 | OK | |||
r-devel-linux-x86_64-fedora-gcc | 0.5.1 | 142.34 | OK | |||
r-devel-windows-ix86+x86_64 | 0.5.1 | 158.00 | 136.00 | 294.00 | OK | |
r-patched-linux-x86_64 | 0.5.1 | 67.19 | 53.28 | 120.47 | OK | |
r-patched-solaris-x86 | 0.5.1 | 165.20 | OK | |||
r-release-linux-x86_64 | 0.5.1 | 59.64 | 52.59 | 112.23 | OK | |
r-release-windows-ix86+x86_64 | 0.5.1 | 148.00 | 138.00 | 286.00 | OK | |
r-release-osx-x86_64 | 0.5.1 | OK | ||||
r-oldrel-windows-ix86+x86_64 | 0.5.1 | 154.00 | 95.00 | 249.00 | OK | |
r-oldrel-osx-x86_64 | 0.5.1 | WARN |
Version: 0.5.1
Check: whether package can be installed
Result: WARN
Found the following significant warnings:
Warning: 'rgl_init' failed, running with rgl.useNULL = TRUE
Flavor: r-oldrel-osx-x86_64