Last updated on 2019-01-19 00:46:40 CET.
Flavor | Version | Tinstall | Tcheck | Ttotal | Status | Flags |
---|---|---|---|---|---|---|
r-devel-linux-x86_64-debian-clang | 0.4.4 | 1.92 | 42.49 | 44.41 | OK | |
r-devel-linux-x86_64-debian-gcc | 0.4.4 | 1.32 | 32.75 | 34.07 | OK | |
r-devel-linux-x86_64-fedora-clang | 0.4.4 | 51.68 | OK | |||
r-devel-linux-x86_64-fedora-gcc | 0.4.4 | 48.64 | OK | |||
r-devel-windows-ix86+x86_64 | 0.4.4 | 13.00 | 62.00 | 75.00 | OK | |
r-patched-linux-x86_64 | 0.4.4 | 1.84 | 39.05 | 40.89 | OK | |
r-patched-solaris-x86 | 0.4.4 | 71.10 | OK | |||
r-release-linux-x86_64 | 0.4.4 | 1.83 | 38.84 | 40.67 | OK | |
r-release-windows-ix86+x86_64 | 0.4.4 | 5.00 | 81.00 | 86.00 | OK | |
r-release-osx-x86_64 | 0.4.4 | OK | ||||
r-oldrel-windows-ix86+x86_64 | 0.4.4 | 6.00 | 82.00 | 88.00 | OK | |
r-oldrel-osx-x86_64 | 0.4.3 | WARN |
Version: 0.4.3
Check: re-building of vignette outputs
Result: WARN
Error in re-building vignettes:
...
Warning in engine$weave(file, quiet = quiet, encoding = enc) :
Pandoc (>= 1.12.3) and/or pandoc-citeproc not available. Falling back to R Markdown v1.
Quitting from lines 152-158 (rdbnomics-tutorial.Rmd)
Error: processing vignette 'rdbnomics-tutorial.Rmd' failed with diagnostics:
cannot open the connection
Execution halted
Flavor: r-oldrel-osx-x86_64