Last updated on 2019-01-19 00:46:40 CET.
Flavor | Version | Tinstall | Tcheck | Ttotal | Status | Flags |
---|---|---|---|---|---|---|
r-devel-linux-x86_64-debian-clang | 0.71 | 3.16 | 82.78 | 85.94 | OK | |
r-devel-linux-x86_64-debian-gcc | 0.71 | 2.75 | 59.12 | 61.87 | OK | |
r-devel-linux-x86_64-fedora-clang | 0.71 | 84.41 | NOTE | |||
r-devel-linux-x86_64-fedora-gcc | 0.71 | 77.89 | NOTE | |||
r-devel-windows-ix86+x86_64 | 0.71 | 11.00 | 101.00 | 112.00 | OK | |
r-patched-linux-x86_64 | 0.71 | 2.55 | 69.23 | 71.78 | OK | |
r-patched-solaris-x86 | 0.71 | 125.60 | NOTE | |||
r-release-linux-x86_64 | 0.71 | 3.35 | 68.76 | 72.11 | OK | |
r-release-windows-ix86+x86_64 | 0.71 | 9.00 | 106.00 | 115.00 | OK | |
r-release-osx-x86_64 | 0.71 | NOTE | ||||
r-oldrel-windows-ix86+x86_64 | 0.71 | 11.00 | 114.00 | 125.00 | OK | |
r-oldrel-osx-x86_64 | 0.71 | NOTE |
Version: 0.71
Check: data for non-ASCII characters
Result: NOTE
Note: found 1 marked Latin-1 string
Note: found 1 marked UTF-8 string
Note: found 7 strings marked as "bytes"
Flavors: r-devel-linux-x86_64-fedora-clang, r-devel-linux-x86_64-fedora-gcc, r-patched-solaris-x86, r-release-osx-x86_64, r-oldrel-osx-x86_64