CRAN Package Check Results for Package rfbCNPJ

Last updated on 2019-01-19 00:46:40 CET.

Flavor Version Tinstall Tcheck Ttotal Status Flags
r-devel-linux-x86_64-debian-clang 0.1.1 0.95 17.92 18.87 OK
r-devel-linux-x86_64-debian-gcc 0.1.1 0.81 14.50 15.31 OK
r-devel-linux-x86_64-fedora-clang 0.1.1 22.66 NOTE
r-devel-linux-x86_64-fedora-gcc 0.1.1 21.20 NOTE
r-devel-windows-ix86+x86_64 0.1.1 4.00 43.00 47.00 OK
r-patched-linux-x86_64 0.1.1 0.97 16.62 17.59 OK
r-patched-solaris-x86 0.1.1 35.90 NOTE
r-release-linux-x86_64 0.1.1 0.92 16.60 17.52 OK
r-release-windows-ix86+x86_64 0.1.1 4.00 40.00 44.00 OK
r-release-osx-x86_64 0.1.1 NOTE
r-oldrel-windows-ix86+x86_64 0.1.1 4.00 31.00 35.00 OK
r-oldrel-osx-x86_64 0.1.1 NOTE

Check Details

Version: 0.1.1
Check: data for non-ASCII characters
Result: NOTE
     Note: found 27 marked UTF-8 strings
Flavors: r-devel-linux-x86_64-fedora-clang, r-devel-linux-x86_64-fedora-gcc, r-patched-solaris-x86, r-release-osx-x86_64, r-oldrel-osx-x86_64