Last updated on 2019-01-19 00:46:41 CET.
Flavor | Version | Tinstall | Tcheck | Ttotal | Status | Flags |
---|---|---|---|---|---|---|
r-devel-linux-x86_64-debian-clang | 0.99.16 | 55.54 | 166.89 | 222.43 | OK | |
r-devel-linux-x86_64-debian-gcc | 0.99.16 | 44.58 | 125.45 | 170.03 | OK | |
r-devel-linux-x86_64-fedora-clang | 0.99.16 | 283.31 | NOTE | |||
r-devel-linux-x86_64-fedora-gcc | 0.99.16 | 263.43 | OK | |||
r-devel-windows-ix86+x86_64 | 0.99.16 | 320.00 | 286.00 | 606.00 | NOTE | |
r-patched-linux-x86_64 | 0.99.16 | 59.01 | 153.96 | 212.97 | OK | |
r-patched-solaris-x86 | 0.99.16 | 260.70 | WARN | |||
r-release-linux-x86_64 | 0.99.16 | 56.10 | 156.91 | 213.01 | OK | |
r-release-windows-ix86+x86_64 | 0.99.16 | 313.00 | 275.00 | 588.00 | NOTE | |
r-release-osx-x86_64 | 0.99.16 | WARN | ||||
r-oldrel-windows-ix86+x86_64 | 0.99.16 | 303.00 | 228.00 | 531.00 | NOTE | |
r-oldrel-osx-x86_64 | 0.99.16 | WARN |
Version: 0.99.16
Check: installed package size
Result: NOTE
installed size is 10.4Mb
sub-directories of 1Mb or more:
doc 3.9Mb
fonts 1.5Mb
libs 2.7Mb
Flavors: r-devel-linux-x86_64-fedora-clang, r-devel-windows-ix86+x86_64, r-patched-solaris-x86, r-release-windows-ix86+x86_64, r-release-osx-x86_64, r-oldrel-windows-ix86+x86_64, r-oldrel-osx-x86_64
Version: 0.99.16
Check: re-building of vignette outputs
Result: WARN
Error in re-building vignettes:
...
Warning in engine$weave(file, quiet = quiet, encoding = enc) :
Pandoc (>= 1.12.3) and/or pandoc-citeproc not available. Falling back to R Markdown v1.
Quitting from lines 17-19 (WebGL.Rmd)
Error: processing vignette 'WebGL.Rmd' failed with diagnostics:
These vignettes assume pandoc version 1.14; older versions may not work.
Execution halted
Flavors: r-patched-solaris-x86, r-release-osx-x86_64, r-oldrel-osx-x86_64