CRAN Package Check Results for Package riskRegression

Last updated on 2019-01-19 00:46:41 CET.

Flavor Version Tinstall Tcheck Ttotal Status Flags
r-devel-linux-x86_64-debian-clang 2018.10.03 162.51 427.54 590.05 OK
r-devel-linux-x86_64-debian-gcc 2018.10.03 136.59 407.10 543.69 OK
r-devel-linux-x86_64-fedora-clang 2018.10.03 647.35 NOTE
r-devel-linux-x86_64-fedora-gcc 2018.10.03 605.61 OK
r-devel-windows-ix86+x86_64 2018.10.03 394.00 641.00 1035.00 OK
r-patched-linux-x86_64 2018.10.03 166.03 418.93 584.96 OK
r-patched-solaris-x86 2018.10.03 652.20 OK
r-release-linux-x86_64 2018.10.03 170.09 430.10 600.19 OK
r-release-windows-ix86+x86_64 2018.10.03 387.00 641.00 1028.00 OK
r-release-osx-x86_64 2018.10.03 NOTE
r-oldrel-windows-ix86+x86_64 2018.10.03 352.00 791.00 1143.00 OK
r-oldrel-osx-x86_64 2018.10.03 NOTE

Check Details

Version: 2018.10.03
Check: installed package size
Result: NOTE
     installed size is 7.4Mb
     sub-directories of 1Mb or more:
     libs 6.4Mb
Flavors: r-devel-linux-x86_64-fedora-clang, r-release-osx-x86_64, r-oldrel-osx-x86_64