Last updated on 2019-01-19 00:46:41 CET.
Flavor | Version | Tinstall | Tcheck | Ttotal | Status | Flags |
---|---|---|---|---|---|---|
r-devel-linux-x86_64-debian-clang | 0.4.1 | 3.66 | 101.82 | 105.48 | OK | |
r-devel-linux-x86_64-debian-gcc | 0.4.1 | 2.63 | 76.25 | 78.88 | OK | |
r-devel-linux-x86_64-fedora-clang | 0.4.1 | 125.77 | NOTE | |||
r-devel-linux-x86_64-fedora-gcc | 0.4.1 | 119.38 | NOTE | |||
r-devel-windows-ix86+x86_64 | 0.4.1 | 8.00 | 150.00 | 158.00 | OK | |
r-patched-linux-x86_64 | 0.4.1 | 2.74 | 93.45 | 96.19 | OK | |
r-patched-solaris-x86 | 0.4.1 | 150.20 | NOTE | |||
r-release-linux-x86_64 | 0.4.1 | 3.44 | 95.58 | 99.02 | OK | |
r-release-windows-ix86+x86_64 | 0.4.1 | 10.00 | 145.00 | 155.00 | OK | |
r-release-osx-x86_64 | 0.4.1 | NOTE | ||||
r-oldrel-windows-ix86+x86_64 | 0.4.1 | 10.00 | 110.00 | 120.00 | OK | |
r-oldrel-osx-x86_64 | 0.4.1 | NOTE |
Version: 0.4.1
Check: data for non-ASCII characters
Result: NOTE
Note: found 31 marked UTF-8 strings
Flavors: r-devel-linux-x86_64-fedora-clang, r-devel-linux-x86_64-fedora-gcc, r-patched-solaris-x86, r-release-osx-x86_64, r-oldrel-osx-x86_64