Last updated on 2019-01-19 00:46:41 CET.
Flavor | Version | Tinstall | Tcheck | Ttotal | Status | Flags |
---|---|---|---|---|---|---|
r-devel-linux-x86_64-debian-clang | 1.11 | 9.54 | 52.46 | 62.00 | OK | |
r-devel-linux-x86_64-debian-gcc | 1.11 | 6.43 | 41.64 | 48.07 | OK | |
r-devel-linux-x86_64-fedora-clang | 1.11 | 69.44 | NOTE | |||
r-devel-linux-x86_64-fedora-gcc | 1.11 | 67.72 | OK | |||
r-devel-windows-ix86+x86_64 | 1.11 | 21.00 | 90.00 | 111.00 | NOTE | |
r-patched-linux-x86_64 | 1.11 | 6.96 | 49.11 | 56.07 | OK | |
r-patched-solaris-x86 | 1.11 | 98.40 | NOTE | |||
r-release-linux-x86_64 | 1.11 | 8.98 | 48.56 | 57.54 | OK | |
r-release-windows-ix86+x86_64 | 1.11 | 20.00 | 96.00 | 116.00 | NOTE | |
r-release-osx-x86_64 | 1.11 | NOTE | ||||
r-oldrel-windows-ix86+x86_64 | 1.11 | 20.00 | 61.00 | 81.00 | NOTE | |
r-oldrel-osx-x86_64 | 1.11 | NOTE |
Version: 1.11
Check: installed package size
Result: NOTE
installed size is 9.1Mb
sub-directories of 1Mb or more:
rmd 8.3Mb
Flavors: r-devel-linux-x86_64-fedora-clang, r-devel-windows-ix86+x86_64, r-patched-solaris-x86, r-release-windows-ix86+x86_64, r-release-osx-x86_64, r-oldrel-windows-ix86+x86_64, r-oldrel-osx-x86_64