Last updated on 2019-01-19 00:46:42 CET.
Flavor | Version | Tinstall | Tcheck | Ttotal | Status | Flags |
---|---|---|---|---|---|---|
r-devel-linux-x86_64-debian-clang | 0.59 | 36.08 | 64.90 | 100.98 | OK | |
r-devel-linux-x86_64-debian-gcc | 0.59 | 30.20 | 48.97 | 79.17 | OK | |
r-devel-linux-x86_64-fedora-clang | 0.59 | 132.19 | NOTE | |||
r-devel-linux-x86_64-fedora-gcc | 0.59 | 118.63 | OK | |||
r-devel-windows-ix86+x86_64 | 0.59 | 75.00 | 97.00 | 172.00 | OK | |
r-patched-linux-x86_64 | 0.59 | 38.55 | 57.47 | 96.02 | OK | |
r-patched-solaris-x86 | 0.59 | 132.30 | OK | |||
r-release-linux-x86_64 | 0.59 | 40.03 | 57.24 | 97.27 | OK | |
r-release-windows-ix86+x86_64 | 0.59 | 75.00 | 123.00 | 198.00 | OK | |
r-release-osx-x86_64 | 0.59 | NOTE | ||||
r-oldrel-windows-ix86+x86_64 | 0.59 | 78.00 | 90.00 | 168.00 | OK | |
r-oldrel-osx-x86_64 | 0.59 | NOTE |
Version: 0.59
Check: installed package size
Result: NOTE
installed size is 9.1Mb
sub-directories of 1Mb or more:
libs 8.2Mb
Flavors: r-devel-linux-x86_64-fedora-clang, r-release-osx-x86_64, r-oldrel-osx-x86_64