Last updated on 2019-01-19 00:46:42 CET.
Flavor | Version | Tinstall | Tcheck | Ttotal | Status | Flags |
---|---|---|---|---|---|---|
r-devel-linux-x86_64-debian-clang | 0.11.1 | 1.55 | 26.63 | 28.18 | OK | |
r-devel-linux-x86_64-debian-gcc | 0.11.1 | 1.51 | 21.01 | 22.52 | OK | |
r-devel-linux-x86_64-fedora-clang | 0.11.1 | 32.87 | NOTE | |||
r-devel-linux-x86_64-fedora-gcc | 0.11.1 | 31.13 | NOTE | |||
r-devel-windows-ix86+x86_64 | 0.11.1 | 7.00 | 60.00 | 67.00 | OK | |
r-patched-linux-x86_64 | 0.11.1 | 1.63 | 24.53 | 26.16 | OK | |
r-patched-solaris-x86 | 0.11.1 | 49.80 | NOTE | |||
r-release-linux-x86_64 | 0.11.1 | 1.60 | 24.25 | 25.85 | OK | |
r-release-windows-ix86+x86_64 | 0.11.1 | 5.00 | 56.00 | 61.00 | OK | |
r-release-osx-x86_64 | 0.11.1 | NOTE | ||||
r-oldrel-windows-ix86+x86_64 | 0.11.1 | 5.00 | 36.00 | 41.00 | OK | |
r-oldrel-osx-x86_64 | 0.11.1 | NOTE |
Version: 0.11.1
Check: dependencies in R code
Result: NOTE
Namespace in Imports field not imported from: ‘tidyselect’
All declared Imports should be used.
Flavors: r-devel-linux-x86_64-fedora-clang, r-devel-linux-x86_64-fedora-gcc, r-patched-solaris-x86, r-release-osx-x86_64, r-oldrel-osx-x86_64