CRAN Package Check Results for Package rtext

Last updated on 2019-01-19 00:46:42 CET.

Flavor Version Tinstall Tcheck Ttotal Status Flags
r-devel-linux-x86_64-debian-clang 0.1.20 17.13 64.54 81.67 ERROR
r-devel-linux-x86_64-debian-gcc 0.1.20 15.29 54.13 69.42 ERROR
r-devel-linux-x86_64-fedora-clang 0.1.20 103.94 ERROR
r-devel-linux-x86_64-fedora-gcc 0.1.20 98.49 ERROR
r-devel-windows-ix86+x86_64 0.1.20 44.00 178.00 222.00 ERROR
r-patched-linux-x86_64 0.1.20 15.99 61.63 77.62 OK
r-patched-solaris-x86 0.1.20 168.90 NOTE
r-release-linux-x86_64 0.1.20 21.00 62.33 83.33 OK
r-release-windows-ix86+x86_64 0.1.20 39.00 164.00 203.00 OK
r-release-osx-x86_64 0.1.20 NOTE
r-oldrel-windows-ix86+x86_64 0.1.20 40.00 117.00 157.00 OK
r-oldrel-osx-x86_64 0.1.20 NOTE

Check Details

Version: 0.1.20
Check: tests
Result: ERROR
     Running ‘test-all.R’ [35s/38s]
    Running the tests in ‘tests/test-all.R’ failed.
    Complete output:
     > library(testthat)
     > test_check("rtext")
     Loading required package: rtext
     Loading required package: stringb
     ── 1. Failure: rtext save (@test_rtext_loadsave.R#6) ──────────────────────────
     `{ ... }` threw an error.
     Message: invalid 'description' argument
     Class: simpleError/error/condition
    
     ══ testthat results ═══════════════════════════════════════════════════════════
     OK: 282 SKIPPED: 0 FAILED: 1
     1. Failure: rtext save (@test_rtext_loadsave.R#6)
    
     Error: testthat unit tests failed
     Execution halted
Flavor: r-devel-linux-x86_64-debian-clang

Version: 0.1.20
Check: tests
Result: ERROR
     Running ‘test-all.R’ [31s/42s]
    Running the tests in ‘tests/test-all.R’ failed.
    Complete output:
     > library(testthat)
     > test_check("rtext")
     Loading required package: rtext
     Loading required package: stringb
     ── 1. Failure: rtext save (@test_rtext_loadsave.R#6) ──────────────────────────
     `{ ... }` threw an error.
     Message: invalid 'description' argument
     Class: simpleError/error/condition
    
     ══ testthat results ═══════════════════════════════════════════════════════════
     OK: 282 SKIPPED: 0 FAILED: 1
     1. Failure: rtext save (@test_rtext_loadsave.R#6)
    
     Error: testthat unit tests failed
     Execution halted
Flavor: r-devel-linux-x86_64-debian-gcc

Version: 0.1.20
Check: dependencies in R code
Result: NOTE
    Namespaces in Imports field not imported from:
     ‘RSQLite’ ‘stats’
     All declared Imports should be used.
Flavors: r-devel-linux-x86_64-fedora-clang, r-devel-linux-x86_64-fedora-gcc, r-patched-solaris-x86, r-release-osx-x86_64, r-oldrel-osx-x86_64

Version: 0.1.20
Check: data for non-ASCII characters
Result: NOTE
     Note: found 2 marked UTF-8 strings
Flavors: r-devel-linux-x86_64-fedora-clang, r-devel-linux-x86_64-fedora-gcc, r-patched-solaris-x86, r-release-osx-x86_64, r-oldrel-osx-x86_64

Version: 0.1.20
Check: compiled code
Result: NOTE
    File ‘rtext/libs/rtext.so’:
     Found no calls to: ‘R_registerRoutines’, ‘R_useDynamicSymbols’
    
    It is good practice to register native routines and to disable symbol
    search.
    
    See ‘Writing portable packages’ in the ‘Writing R Extensions’ manual.
Flavors: r-devel-linux-x86_64-fedora-clang, r-devel-linux-x86_64-fedora-gcc

Version: 0.1.20
Check: tests
Result: ERROR
     Running ‘test-all.R’ [42s/53s]
    Running the tests in ‘tests/test-all.R’ failed.
    Complete output:
     > library(testthat)
     > test_check("rtext")
     Loading required package: rtext
     Loading required package: stringb
     ── 1. Failure: rtext save (@test_rtext_loadsave.R#6) ──────────────────────────
     `{ ... }` threw an error.
     Message: invalid 'description' argument
     Class: simpleError/error/condition
    
     ══ testthat results ═══════════════════════════════════════════════════════════
     OK: 282 SKIPPED: 0 FAILED: 1
     1. Failure: rtext save (@test_rtext_loadsave.R#6)
    
     Error: testthat unit tests failed
     Execution halted
Flavor: r-devel-linux-x86_64-fedora-clang

Version: 0.1.20
Check: tests
Result: ERROR
     Running ‘test-all.R’ [41s/45s]
    Running the tests in ‘tests/test-all.R’ failed.
    Complete output:
     > library(testthat)
     > test_check("rtext")
     Loading required package: rtext
     Loading required package: stringb
     ── 1. Failure: rtext save (@test_rtext_loadsave.R#6) ──────────────────────────
     `{ ... }` threw an error.
     Message: invalid 'description' argument
     Class: simpleError/error/condition
    
     ══ testthat results ═══════════════════════════════════════════════════════════
     OK: 282 SKIPPED: 0 FAILED: 1
     1. Failure: rtext save (@test_rtext_loadsave.R#6)
    
     Error: testthat unit tests failed
     Execution halted
Flavor: r-devel-linux-x86_64-fedora-gcc

Version: 0.1.20
Check: running tests for arch ‘i386’
Result: ERROR
     Running 'test-all.R' [44s]
    Running the tests in 'tests/test-all.R' failed.
    Complete output:
     > library(testthat)
     > test_check("rtext")
     Loading required package: rtext
     Loading required package: stringb
     -- 1. Error: rtext tokenize_data_words (@test_rtext.R#98) ---------------------
     arguments must have same length
     1: expect_true({
     dings <- rtext$new("meine mudder schneidet speck - ho-narroh")
     dings$char_data_set("test", 1:5, 1)
     dings$char_data_set("toast", 1:dings$char_length(), "uggah")
     dings$char_data_get()
     length(dings$tokenize_data_words()$test) == 6
     }) at testthat/test_rtext.R:98
     2: quasi_label(enquo(object), label)
     3: eval_bare(get_expr(quo), get_env(quo))
     4: dings$tokenize_data_words() at testthat/test_rtext.R:103
     5: self$tokenize_data_regex(split = split, ignore.case = ignore.case, fixed = fixed,
     perl = perl, useBytes = useBytes, non_token = non_token, join = join, aggregate_function = aggregate_function,
     ...)
     6: self$tokenize_data_sequences(token = token, join = join, aggregate_function = aggregate_function,
     ...)
     7: stats::aggregate(chardata[, -c(1:2)], by = list(token_i = token_i), FUN = "modus",
     multimodal = NA, warn = FALSE)
     8: aggregate.data.frame(chardata[, -c(1:2)], by = list(token_i = token_i), FUN = "modus",
     multimodal = NA, warn = FALSE)
     9: stop("arguments must have same length")
    
     == testthat results ===========================================================
     OK: 281 SKIPPED: 0 FAILED: 1
     1. Error: rtext tokenize_data_words (@test_rtext.R#98)
    
     Error: testthat unit tests failed
     Execution halted
Flavor: r-devel-windows-ix86+x86_64