CRAN Package Check Results for Package rtk

Last updated on 2019-01-19 00:46:42 CET.

Flavor Version Tinstall Tcheck Ttotal Status Flags
r-devel-linux-x86_64-debian-clang 0.2.5.7 48.95 28.50 77.45 OK
r-devel-linux-x86_64-debian-gcc 0.2.5.7 51.69 23.38 75.07 OK
r-devel-linux-x86_64-fedora-clang 0.2.5.7 114.92 NOTE
r-devel-linux-x86_64-fedora-gcc 0.2.5.7 110.90 OK
r-devel-windows-ix86+x86_64 0.2.5.7 148.00 87.00 235.00 OK
r-patched-linux-x86_64 0.2.5.7 62.63 26.45 89.08 OK
r-patched-solaris-x86 0.2.5.7 111.90 OK
r-release-linux-x86_64 0.2.5.7 59.35 26.61 85.96 OK
r-release-windows-ix86+x86_64 0.2.5.7 140.00 89.00 229.00 OK
r-release-osx-x86_64 0.2.5.7 NOTE
r-oldrel-windows-ix86+x86_64 0.2.5.7 144.00 63.00 207.00 OK
r-oldrel-osx-x86_64 0.2.5.7 NOTE

Check Details

Version: 0.2.5.7
Check: installed package size
Result: NOTE
     installed size is 8.4Mb
     sub-directories of 1Mb or more:
     libs 8.3Mb
Flavors: r-devel-linux-x86_64-fedora-clang, r-release-osx-x86_64, r-oldrel-osx-x86_64