CRAN Package Check Results for Package sFFLHD

Last updated on 2019-01-19 00:46:44 CET.

Flavor Version Tinstall Tcheck Ttotal Status Flags
r-devel-linux-x86_64-debian-clang 0.1.2 3.41 58.64 62.05 OK
r-devel-linux-x86_64-debian-gcc 0.1.2 2.01 44.16 46.17 OK
r-devel-linux-x86_64-fedora-clang 0.1.2 72.55 NOTE
r-devel-linux-x86_64-fedora-gcc 0.1.2 65.86 NOTE
r-devel-windows-ix86+x86_64 0.1.2 11.00 95.00 106.00 OK
r-patched-linux-x86_64 0.1.2 2.53 53.72 56.25 OK
r-patched-solaris-x86 0.1.2 101.50 NOTE
r-release-linux-x86_64 0.1.2 3.92 54.28 58.20 OK
r-release-windows-ix86+x86_64 0.1.2 8.00 90.00 98.00 OK
r-release-osx-x86_64 0.1.2 NOTE
r-oldrel-windows-ix86+x86_64 0.1.2 8.00 71.00 79.00 OK
r-oldrel-osx-x86_64 0.1.2 NOTE

Check Details

Version: 0.1.2
Check: dependencies in R code
Result: NOTE
    Namespace in Imports field not imported from: ‘R6’
     All declared Imports should be used.
Flavors: r-devel-linux-x86_64-fedora-clang, r-devel-linux-x86_64-fedora-gcc, r-patched-solaris-x86, r-release-osx-x86_64, r-oldrel-osx-x86_64