CRAN Package Check Results for Package scanstatistics

Last updated on 2019-01-19 00:46:43 CET.

Flavor Version Tinstall Tcheck Ttotal Status Flags
r-devel-linux-x86_64-debian-clang 1.0.1 103.56 93.10 196.66 NOTE
r-devel-linux-x86_64-debian-gcc 1.0.1 103.07 71.52 174.59 NOTE
r-devel-linux-x86_64-fedora-clang 1.0.1 283.18 NOTE
r-devel-linux-x86_64-fedora-gcc 1.0.1 269.21 NOTE
r-devel-windows-ix86+x86_64 1.0.1 307.00 139.00 446.00 OK
r-patched-linux-x86_64 1.0.1 126.17 84.95 211.12 OK
r-patched-solaris-x86 1.0.1 292.80 OK
r-release-linux-x86_64 1.0.1 122.07 85.55 207.62 OK
r-release-windows-ix86+x86_64 1.0.1 311.00 178.00 489.00 OK
r-release-osx-x86_64 1.0.1 OK
r-oldrel-windows-ix86+x86_64 1.0.1 308.00 121.00 429.00 OK
r-oldrel-osx-x86_64 1.0.1 OK

Check Details

Version: 1.0.1
Check: use of SHLIB_OPENMP_*FLAGS in Makefiles
Result: NOTE
     src/Makevars.win: SHLIB_OPENMP_CXXFLAGS is included in PKG_CXXFLAGS but not in PKG_LIBS
     src/Makevars.win: SHLIB_OPENMP_CFLAGS is included in PKG_LIBS but linking is by C++
    Use of these macros is discussed in sect 1.2.1.1 of ‘Writing R
    Extensions’. The macros for different languages may differ so the
    matching macro must be used in PKG_CXXFLAGS (etc) and match that used
    in PKG_LIBS (except for Fortran: see the manual).
Flavors: r-devel-linux-x86_64-debian-clang, r-devel-linux-x86_64-debian-gcc, r-devel-linux-x86_64-fedora-clang, r-devel-linux-x86_64-fedora-gcc

Version: 1.0.1
Check: installed package size
Result: NOTE
     installed size is 5.1Mb
     sub-directories of 1Mb or more:
     libs 4.5Mb
Flavor: r-devel-linux-x86_64-fedora-clang