Last updated on 2019-01-19 00:46:43 CET.
Flavor | Version | Tinstall | Tcheck | Ttotal | Status | Flags |
---|---|---|---|---|---|---|
r-devel-linux-x86_64-debian-clang | 0.8.2 | 1.33 | 29.01 | 30.34 | OK | |
r-devel-linux-x86_64-debian-gcc | 0.8.2 | 1.28 | 22.97 | 24.25 | OK | |
r-devel-linux-x86_64-fedora-clang | 0.8.2 | 37.13 | OK | |||
r-devel-linux-x86_64-fedora-gcc | 0.8.2 | 34.28 | OK | |||
r-devel-windows-ix86+x86_64 | 0.8.2 | 6.00 | 56.00 | 62.00 | OK | |
r-patched-linux-x86_64 | 0.8.2 | 1.47 | 27.05 | 28.52 | OK | |
r-patched-solaris-x86 | 0.8.2 | 54.80 | WARN | |||
r-release-linux-x86_64 | 0.8.2 | 1.70 | 27.14 | 28.84 | OK | |
r-release-windows-ix86+x86_64 | 0.8.2 | 5.00 | 64.00 | 69.00 | OK | |
r-release-osx-x86_64 | 0.8.2 | WARN | ||||
r-oldrel-windows-ix86+x86_64 | 0.8.2 | 7.00 | 45.00 | 52.00 | OK | |
r-oldrel-osx-x86_64 | 0.8.2 | WARN |
Version: 0.8.2
Check: re-building of vignette outputs
Result: WARN
Error in re-building vignettes:
...
Warning in engine$weave(file, quiet = quiet, encoding = enc) :
Pandoc (>= 1.12.3) and/or pandoc-citeproc not available. Falling back to R Markdown v1.
Quitting from lines 34-35 (introduction.Rmd)
Error: processing vignette 'introduction.Rmd' failed with diagnostics:
there is no package called 'webshot'
Execution halted
Flavor: r-patched-solaris-x86
Version: 0.8.2
Check: re-building of vignette outputs
Result: WARN
Error in re-building vignettes:
...
Warning in engine$weave(file, quiet = quiet, encoding = enc) :
Pandoc (>= 1.12.3) and/or pandoc-citeproc not available. Falling back to R Markdown v1.
Quitting from lines 34-35 (introduction.Rmd)
Error: processing vignette 'introduction.Rmd' failed with diagnostics:
cannot open the connection
Execution halted
Flavors: r-release-osx-x86_64, r-oldrel-osx-x86_64