CRAN Package Check Results for Package scdensity

Last updated on 2019-01-19 00:46:43 CET.

Flavor Version Tinstall Tcheck Ttotal Status Flags
r-devel-linux-x86_64-debian-clang 1.0.2 3.32 38.64 41.96 OK
r-devel-linux-x86_64-debian-gcc 1.0.2 2.14 54.21 56.35 ERROR
r-devel-linux-x86_64-fedora-clang 1.0.2 48.97 OK
r-devel-linux-x86_64-fedora-gcc 1.0.2 45.34 OK
r-devel-windows-ix86+x86_64 1.0.2 9.00 62.00 71.00 OK
r-patched-linux-x86_64 1.0.2 2.89 38.63 41.52 OK
r-patched-solaris-x86 1.0.2 71.50 OK
r-release-linux-x86_64 1.0.2 2.51 35.97 38.48 OK
r-release-windows-ix86+x86_64 1.0.2 8.00 66.00 74.00 OK
r-release-osx-x86_64 1.0.2 OK
r-oldrel-windows-ix86+x86_64 1.0.2 6.00 51.00 57.00 OK
r-oldrel-osx-x86_64 1.0.2 OK

Check Details

Version: 1.0.2
Check: tests
Result: ERROR
     Running ‘testthat.R’ [30s/43s]
    Running the tests in ‘tests/testthat.R’ failed.
    Complete output:
     > library(testthat)
     > library(scdensity)
     >
     > test_check("scdensity")
     ── 1. Error: all bandwidth options work okay (@testScdensity.R#13) ────────────
     solve.QP encountered numerical problems and could not find a solution.
     Small changes to the inputs may resolve this.
     1: scdensity(x, bw = "SJ") at testthat/testScdensity.R:13
     2: stop(paste0("solve.QP encountered numerical problems and could not find a solution.\n",
     "Small changes to the inputs may resolve this."))
    
     ══ testthat results ═══════════════════════════════════════════════════════════
     OK: 38 SKIPPED: 2 FAILED: 1
     1. Error: all bandwidth options work okay (@testScdensity.R#13)
    
     Error: testthat unit tests failed
     Execution halted
Flavor: r-devel-linux-x86_64-debian-gcc