CRAN Package Check Results for Package seaaroundus

Last updated on 2019-01-19 00:46:43 CET.

Flavor Version Tinstall Tcheck Ttotal Status Flags
r-devel-linux-x86_64-debian-clang 1.2.0 2.99 42.24 45.23 OK
r-devel-linux-x86_64-debian-gcc 1.2.0 2.31 33.04 35.35 OK
r-devel-linux-x86_64-fedora-clang 1.2.0 53.01 NOTE
r-devel-linux-x86_64-fedora-gcc 1.2.0 48.46 NOTE
r-devel-windows-ix86+x86_64 1.2.0 12.00 76.00 88.00 OK
r-patched-linux-x86_64 1.2.0 1.77 38.45 40.22 OK
r-patched-solaris-x86 1.2.0 80.30 NOTE
r-release-linux-x86_64 1.2.0 2.35 37.88 40.23 OK
r-release-windows-ix86+x86_64 1.2.0 10.00 96.00 106.00 OK
r-release-osx-x86_64 1.2.0 NOTE
r-oldrel-windows-ix86+x86_64 1.2.0 15.00 70.00 85.00 OK
r-oldrel-osx-x86_64 1.2.0 NOTE

Check Details

Version: 1.2.0
Check: dependencies in R code
Result: NOTE
    Namespace in Imports field not imported from: ‘rgdal’
     All declared Imports should be used.
Flavors: r-devel-linux-x86_64-fedora-clang, r-devel-linux-x86_64-fedora-gcc, r-patched-solaris-x86, r-release-osx-x86_64, r-oldrel-osx-x86_64