Last updated on 2019-01-19 00:46:43 CET.
Flavor | Version | Tinstall | Tcheck | Ttotal | Status | Flags |
---|---|---|---|---|---|---|
r-devel-linux-x86_64-debian-clang | 1.0.9 | 355.20 | 416.91 | 772.11 | OK | |
r-devel-linux-x86_64-debian-gcc | 1.0.9 | 321.89 | 312.77 | 634.66 | OK | |
r-devel-linux-x86_64-fedora-clang | 1.0.9 | 1054.69 | NOTE | |||
r-devel-linux-x86_64-fedora-gcc | 1.0.9 | 982.95 | OK | |||
r-devel-windows-ix86+x86_64 | 1.0.9 | 972.00 | 583.00 | 1555.00 | NOTE | |
r-patched-linux-x86_64 | 1.0.9 | 388.29 | 404.78 | 793.07 | OK | |
r-patched-solaris-x86 | 1.0.9 | 1123.30 | NOTE | |||
r-release-linux-x86_64 | 1.0.9 | 384.27 | 402.11 | 786.38 | OK | |
r-release-windows-ix86+x86_64 | 1.0.9 | 958.00 | 669.00 | 1627.00 | NOTE | |
r-release-osx-x86_64 | 1.0.9 | NOTE | ||||
r-oldrel-windows-ix86+x86_64 | 1.0.9 | 914.00 | 529.00 | 1443.00 | WARN | |
r-oldrel-osx-x86_64 | 1.0.9 | NOTE |
Version: 1.0.9
Check: installed package size
Result: NOTE
installed size is 20.2Mb
sub-directories of 1Mb or more:
doc 6.1Mb
libs 13.2Mb
Flavors: r-devel-linux-x86_64-fedora-clang, r-devel-windows-ix86+x86_64, r-patched-solaris-x86, r-release-windows-ix86+x86_64, r-release-osx-x86_64, r-oldrel-windows-ix86+x86_64, r-oldrel-osx-x86_64
Version: 1.0.9
Check: whether package can be installed
Result: WARN
Found the following significant warnings:
Warning: S3 methods '[.fun_list', '[.grouped_df', 'all.equal.tbl_df', 'anti_join.data.frame', 'anti_join.tbl_df', 'arrange.data.frame', 'arrange.default', 'arrange.grouped_df', 'arrange.tbl_df', 'arrange_.data.frame', 'arrange_.tbl_df', 'as.data.frame.grouped_df', 'as.data.frame.rowwise_df', 'as.data.frame.tbl_cube', 'as.table.tbl_cube', 'as.tbl.data.frame', 'as.tbl.tbl', 'as.tbl_cube.array', 'as.tbl_cube.data.frame', 'as.tbl_cube.matrix', 'as.tbl_cube.table', 'as_tibble.grouped_df', 'as_tibble.tbl_cube', 'auto_copy.tbl_cube', 'auto_copy.tbl_df', 'cbind.grouped_df', 'collapse.data.frame', 'collect.data.frame', 'common_by.NULL', 'common_by.character', 'common_by.default', 'common_by.list', 'compute.data.frame', 'copy_to.DBIConnection', 'copy_to.src_local', 'default_missing.data.frame', 'default_missing.default', 'dim.tbl_cube', 'distinct.data.frame', 'distinct.default', 'distinct.grouped_df', 'distinct.tbl_df', 'distinct_.data.frame', 'distinct_.grouped_df', 'distinct_.tbl_df', 'do.NULL', 'do.da [... truncated]
Flavor: r-oldrel-windows-ix86+x86_64