CRAN Package Check Results for Package sf

Last updated on 2019-01-19 00:46:44 CET.

Flavor Version Tinstall Tcheck Ttotal Status Flags
r-devel-linux-x86_64-debian-clang 0.7-2 142.18 235.41 377.59 OK
r-devel-linux-x86_64-debian-gcc 0.7-2 124.03 187.89 311.92 OK
r-devel-linux-x86_64-fedora-clang 0.7-2 509.01 NOTE
r-devel-linux-x86_64-fedora-gcc 0.7-2 476.68 OK
r-devel-windows-ix86+x86_64 0.7-2 474.00 721.00 1195.00 NOTE
r-patched-linux-x86_64 0.7-2 154.48 211.52 366.00 OK
r-patched-solaris-x86 0.7-2 536.30 WARN
r-release-linux-x86_64 0.7-2 162.47 209.90 372.37 OK
r-release-windows-ix86+x86_64 0.7-2 484.00 800.00 1284.00 NOTE
r-release-osx-x86_64 0.7-2 WARN
r-oldrel-windows-ix86+x86_64 0.7-2 489.00 692.00 1181.00 NOTE
r-oldrel-osx-x86_64 0.7-2 WARN

Check Details

Version: 0.7-2
Check: installed package size
Result: NOTE
     installed size is 23.6Mb
     sub-directories of 1Mb or more:
     doc 11.8Mb
     libs 7.1Mb
     sqlite 1.5Mb
Flavors: r-devel-linux-x86_64-fedora-clang, r-devel-windows-ix86+x86_64, r-patched-solaris-x86, r-release-windows-ix86+x86_64, r-release-osx-x86_64, r-oldrel-windows-ix86+x86_64, r-oldrel-osx-x86_64

Version: 0.7-2
Check: package dependencies
Result: NOTE
    Package suggested but not available for checking: ‘RPostgres’
Flavor: r-patched-solaris-x86

Version: 0.7-2
Check: re-building of vignette outputs
Result: WARN
    Error in re-building vignettes:
     ...
    Warning in engine$weave(file, quiet = quiet, encoding = enc) :
     Pandoc (>= 1.12.3) and/or pandoc-citeproc not available. Falling back to R Markdown v1.
    Warning in engine$weave(file, quiet = quiet, encoding = enc) :
     Pandoc (>= 1.12.3) and/or pandoc-citeproc not available. Falling back to R Markdown v1.
    Warning in engine$weave(file, quiet = quiet, encoding = enc) :
     Pandoc (>= 1.12.3) and/or pandoc-citeproc not available. Falling back to R Markdown v1.
    Warning in engine$weave(file, quiet = quiet, encoding = enc) :
     Pandoc (>= 1.12.3) and/or pandoc-citeproc not available. Falling back to R Markdown v1.
    Warning in engine$weave(file, quiet = quiet, encoding = enc) :
     Pandoc (>= 1.12.3) and/or pandoc-citeproc not available. Falling back to R Markdown v1.
    Quitting from lines 216-219 (sf5.Rmd)
    Error: processing vignette 'sf5.Rmd' failed with diagnostics:
    cannot open the connection
    Execution halted
Flavors: r-patched-solaris-x86, r-release-osx-x86_64, r-oldrel-osx-x86_64