Last updated on 2019-01-19 00:46:44 CET.
Flavor | Version | Tinstall | Tcheck | Ttotal | Status | Flags |
---|---|---|---|---|---|---|
r-devel-linux-x86_64-debian-clang | 1.2.4 | 13.39 | 86.34 | 99.73 | OK | |
r-devel-linux-x86_64-debian-gcc | 1.2.4 | 10.40 | 64.10 | 74.50 | OK | |
r-devel-linux-x86_64-fedora-clang | 1.2.4 | 114.04 | OK | |||
r-devel-linux-x86_64-fedora-gcc | 1.2.4 | 107.34 | OK | |||
r-devel-windows-ix86+x86_64 | 1.2.4 | 25.00 | 131.00 | 156.00 | OK | |
r-patched-linux-x86_64 | 1.2.4 | 9.88 | 79.13 | 89.01 | OK | |
r-patched-solaris-x86 | 1.2.4 | 144.50 | OK | |||
r-release-linux-x86_64 | 1.2.4 | 12.25 | 78.66 | 90.91 | OK | |
r-release-windows-ix86+x86_64 | 1.2.4 | 26.00 | 124.00 | 150.00 | OK | |
r-release-osx-x86_64 | 1.2.4 | WARN | ||||
r-oldrel-windows-ix86+x86_64 | 1.2.4 | 10.00 | 92.00 | 102.00 | OK | |
r-oldrel-osx-x86_64 | 1.2.4 | WARN |
Version: 1.2.4
Check: whether package can be installed
Result: WARN
Found the following significant warnings:
Warning: 'rgl_init' failed, running with rgl.useNULL = TRUE
Flavors: r-release-osx-x86_64, r-oldrel-osx-x86_64