CRAN Package Check Results for Package shiny

Last updated on 2019-01-19 00:46:44 CET.

Flavor Version Tinstall Tcheck Ttotal Status Flags
r-devel-linux-x86_64-debian-clang 1.2.0 23.70 86.69 110.39 OK
r-devel-linux-x86_64-debian-gcc 1.2.0 21.29 66.47 87.76 OK
r-devel-linux-x86_64-fedora-clang 1.2.0 136.41 NOTE
r-devel-linux-x86_64-fedora-gcc 1.2.0 132.88 OK
r-devel-windows-ix86+x86_64 1.2.0 57.00 103.00 160.00 NOTE
r-patched-linux-x86_64 1.2.0 22.83 80.60 103.43 ERROR
r-patched-solaris-x86 1.2.0 170.20 NOTE
r-release-linux-x86_64 1.2.0 25.23 80.56 105.79 OK
r-release-windows-ix86+x86_64 1.2.0 55.00 130.00 185.00 NOTE
r-release-osx-x86_64 1.2.0 NOTE
r-oldrel-windows-ix86+x86_64 1.2.0 26.00 98.00 124.00 NOTE
r-oldrel-osx-x86_64 1.2.0 NOTE

Check Details

Version: 1.2.0
Check: installed package size
Result: NOTE
     installed size is 10.4Mb
     sub-directories of 1Mb or more:
     R 1.3Mb
     www 8.0Mb
Flavors: r-devel-linux-x86_64-fedora-clang, r-devel-windows-ix86+x86_64, r-patched-solaris-x86, r-release-windows-ix86+x86_64, r-release-osx-x86_64, r-oldrel-windows-ix86+x86_64, r-oldrel-osx-x86_64

Version: 1.2.0
Check: tests
Result: ERROR
     Running ‘test-all.R’ [11s/17s]
    Running the tests in ‘tests/test-all.R’ failed.
    Complete output:
     > library(testthat)
     > library(shiny)
     >
     > test_check("shiny")
     55: stop
     54: private$decodeStateQueryString
     43: .subset2(public_bind_env, "initialize")
     42: RestoreContext$new
     34: eval [testthat/test-bookmarking.R#35]
     33: eval
     24: test_code
     23: test_that
     22: eval [testthat/test-bookmarking.R#3]
     21: eval
     12: test_code
     11: source_file
     8: FUN
     7: lapply
     4: test_files
     3: test_dir
     2: test_package_dir
     1: test_check
     55: stop
     54: private$decodeStateQueryString
     43: .subset2(public_bind_env, "initialize")
     42: RestoreContext$new
     34: eval [testthat/test-bookmarking.R#36]
     33: eval
     24: test_code
     23: test_that
     22: eval [testthat/test-bookmarking.R#3]
     21: eval
     12: test_code
     11: source_file
     8: FUN
     7: lapply
     4: test_files
     3: test_dir
     2: test_package_dir
     1: test_check
     55: stop
     54: private$decodeStateQueryString
     43: .subset2(public_bind_env, "initialize")
     42: RestoreContext$new
     34: eval [testthat/test-bookmarking.R#37]
     33: eval
     24: test_code
     23: test_that
     22: eval [testthat/test-bookmarking.R#3]
     21: eval
     12: test_code
     11: source_file
     8: FUN
     7: lapply
     4: test_files
     3: test_dir
     2: test_package_dir
     1: test_check
     55: stop
     54: private$decodeStateQueryString
     43: .subset2(public_bind_env, "initialize")
     42: RestoreContext$new
     34: eval [testthat/test-bookmarking.R#38]
     33: eval
     24: test_code
     23: test_that
     22: eval [testthat/test-bookmarking.R#3]
     21: eval
     12: test_code
     11: source_file
     8: FUN
     7: lapply
     4: test_files
     3: test_dir
     2: test_package_dir
     1: test_check
     55: stop
     54: private$decodeStateQueryString
     43: .subset2(public_bind_env, "initialize")
     42: RestoreContext$new
     34: eval [testthat/test-bookmarking.R#39]
     33: eval
     24: test_code
     23: test_that
     22: eval [testthat/test-bookmarking.R#3]
     21: eval
     12: test_code
     11: source_file
     8: FUN
     7: lapply
     4: test_files
     3: test_dir
     2: test_package_dir
     1: test_check
     62: stop
     61: value[[3L]]
     60: tryCatchOne
     59: tryCatchList
     58: tryCatch
     57: <Anonymous>
     56: mapply
     55: valuesFromJSON
     54: private$decodeStateQueryString
     43: .subset2(public_bind_env, "initialize")
     42: RestoreContext$new
     34: eval [testthat/test-bookmarking.R#40]
     33: eval
     24: test_code
     23: test_that
     22: eval [testthat/test-bookmarking.R#3]
     21: eval
     12: test_code
     11: source_file
     8: FUN
     7: lapply
     4: test_files
     3: test_dir
     2: test_package_dir
     1: test_check
     62: stop
     61: value[[3L]]
     60: tryCatchOne
     59: tryCatchList
     58: tryCatch
     57: <Anonymous>
     56: mapply
     55: valuesFromJSON
     54: private$decodeStateQueryString
     43: .subset2(public_bind_env, "initialize")
     42: RestoreContext$new
     34: eval [testthat/test-bookmarking.R#44]
     33: eval
     24: test_code
     23: test_that
     22: eval [testthat/test-bookmarking.R#3]
     21: eval
     12: test_code
     11: source_file
     8: FUN
     7: lapply
     4: test_files
     3: test_dir
     2: test_package_dir
     1: test_check
     93: stop
     92: <reactive:r> [testthat/test-reactivity.r#969]
     90: .func
     87: contextFunc
     86: env$runWith
     79: ctx$run
     78: self$.updateValue
     76: r
     75: <observer> [testthat/test-reactivity.r#978]
     73: contextFunc
     72: env$runWith
     65: ctx$run
     64: run
     45: flushCallback
     44: FUN
     43: lapply
     42: ctx$executeFlushCallbacks
     41: .getReactiveEnvironment()$flush
     40: flushReact
     34: eval [testthat/test-reactivity.r#993]
     33: eval
     24: test_code
     23: test_that
     22: eval [testthat/test-reactivity.r#965]
     21: eval
     12: test_code
     11: source_file
     8: FUN
     7: lapply
     4: test_files
     3: test_dir
     2: test_package_dir
     1: test_check
     78: <Anonymous>
     ── 1. Failure: debounce/throttle work properly (without priming) (@test-reactivi
     isolate(tr()) not identical to 10.
     1/1 mismatches
     [1] 9 - 10 == -1
    
     Unknown testing environment for test-staticdocs.R.
     ══ testthat results ═══════════════════════════════════════════════════════════
     OK: 740 SKIPPED: 1 FAILED: 1
     1. Failure: debounce/throttle work properly (without priming) (@test-reactivity.r#1128)
    
     Error: testthat unit tests failed
     Execution halted
Flavor: r-patched-linux-x86_64