CRAN Package Check Results for Package shiny.semantic

Last updated on 2019-01-19 00:46:44 CET.

Flavor Version Tinstall Tcheck Ttotal Status Flags
r-devel-linux-x86_64-debian-clang 0.2.1 2.10 28.68 30.78 OK
r-devel-linux-x86_64-debian-gcc 0.2.1 1.82 23.35 25.17 OK
r-devel-linux-x86_64-fedora-clang 0.2.1 36.92 NOTE
r-devel-linux-x86_64-fedora-gcc 0.2.1 35.62 NOTE
r-devel-windows-ix86+x86_64 0.2.1 6.00 69.00 75.00 OK
r-patched-linux-x86_64 0.2.1 2.17 27.47 29.64 OK
r-patched-solaris-x86 0.2.1 57.50 NOTE
r-release-linux-x86_64 0.2.1 1.87 27.20 29.07 OK
r-release-windows-ix86+x86_64 0.2.1 7.00 60.00 67.00 OK
r-release-osx-x86_64 0.2.1 NOTE
r-oldrel-windows-ix86+x86_64 0.2.1 7.00 43.00 50.00 OK
r-oldrel-osx-x86_64 0.2.1 NOTE

Check Details

Version: 0.2.1
Check: dependencies in R code
Result: NOTE
    Namespace in Imports field not imported from: ‘utils’
     All declared Imports should be used.
Flavors: r-devel-linux-x86_64-fedora-clang, r-devel-linux-x86_64-fedora-gcc, r-patched-solaris-x86, r-release-osx-x86_64, r-oldrel-osx-x86_64