CRAN Package Check Results for Package skmeans

Last updated on 2019-01-19 00:46:44 CET.

Flavor Version Tinstall Tcheck Ttotal Status Flags
r-devel-linux-x86_64-debian-clang 0.2-11 2.18 32.94 35.12 NOTE
r-devel-linux-x86_64-debian-gcc 0.2-11 1.46 26.50 27.96 NOTE
r-devel-linux-x86_64-fedora-clang 0.2-11 42.12 NOTE
r-devel-linux-x86_64-fedora-gcc 0.2-11 43.78 NOTE
r-devel-windows-ix86+x86_64 0.2-11 11.00 52.00 63.00 NOTE
r-patched-linux-x86_64 0.2-11 2.25 30.13 32.38 NOTE
r-patched-solaris-x86 0.2-11 61.60 NOTE
r-release-linux-x86_64 0.2-11 2.01 30.14 32.15 NOTE
r-release-windows-ix86+x86_64 0.2-11 7.00 56.00 63.00 NOTE
r-release-osx-x86_64 0.2-11 NOTE
r-oldrel-windows-ix86+x86_64 0.2-11 5.00 41.00 46.00 NOTE
r-oldrel-osx-x86_64 0.2-11 NOTE

Check Details

Version: 0.2-11
Check: package dependencies
Result: NOTE
    Package which this enhances but not available for checking: ‘kmndirs’
Flavors: r-devel-linux-x86_64-debian-clang, r-devel-linux-x86_64-debian-gcc, r-devel-linux-x86_64-fedora-clang, r-devel-linux-x86_64-fedora-gcc, r-devel-windows-ix86+x86_64, r-patched-linux-x86_64, r-patched-solaris-x86, r-release-linux-x86_64, r-release-windows-ix86+x86_64, r-release-osx-x86_64, r-oldrel-windows-ix86+x86_64, r-oldrel-osx-x86_64

Version: 0.2-11
Check: dependencies in R code
Result: NOTE
    Unavailable namespace imported from by a ':::' call: ‘kmndirs’
     See the note in ?`:::` about the use of this operator.
Flavors: r-devel-linux-x86_64-debian-clang, r-devel-linux-x86_64-debian-gcc, r-devel-linux-x86_64-fedora-clang, r-devel-linux-x86_64-fedora-gcc, r-devel-windows-ix86+x86_64, r-patched-linux-x86_64, r-patched-solaris-x86, r-release-linux-x86_64, r-release-windows-ix86+x86_64, r-release-osx-x86_64, r-oldrel-windows-ix86+x86_64, r-oldrel-osx-x86_64