Last updated on 2019-01-19 00:46:44 CET.
Flavor | Version | Tinstall | Tcheck | Ttotal | Status | Flags |
---|---|---|---|---|---|---|
r-devel-linux-x86_64-debian-clang | 0.4-3 | 2.12 | 21.68 | 23.80 | OK | |
r-devel-linux-x86_64-debian-gcc | 0.4-3 | 1.26 | 17.94 | 19.20 | OK | |
r-devel-linux-x86_64-fedora-clang | 0.4-3 | 30.25 | OK | |||
r-devel-linux-x86_64-fedora-gcc | 0.4-3 | 30.86 | OK | |||
r-devel-windows-ix86+x86_64 | 0.4-3 | 5.00 | 44.00 | 49.00 | OK | |
r-patched-linux-x86_64 | 0.4-3 | 2.05 | 20.34 | 22.39 | OK | |
r-patched-solaris-x86 | 0.4-3 | 42.60 | OK | |||
r-release-linux-x86_64 | 0.4-3 | 1.80 | 20.40 | 22.20 | OK | |
r-release-windows-ix86+x86_64 | 0.4-3 | 4.00 | 52.00 | 56.00 | OK | |
r-release-osx-x86_64 | 0.4-3 | NOTE | ||||
r-oldrel-windows-ix86+x86_64 | 0.4-3 | 4.00 | 39.00 | 43.00 | OK | |
r-oldrel-osx-x86_64 | 0.4-3 | NOTE |
Version: 0.4-3
Check: package dependencies
Result: NOTE
Package suggested but not available for checking: ‘Rmpi’
Flavors: r-release-osx-x86_64, r-oldrel-osx-x86_64