CRAN Package Check Results for Package sourceR

Last updated on 2019-01-19 00:46:45 CET.

Flavor Version Tinstall Tcheck Ttotal Status Flags
r-devel-linux-x86_64-debian-clang 1.0.1 18.43 75.91 94.34 OK
r-devel-linux-x86_64-debian-gcc 1.0.1 16.06 56.45 72.51 OK
r-devel-linux-x86_64-fedora-clang 1.0.1 119.04 NOTE
r-devel-linux-x86_64-fedora-gcc 1.0.1 109.19 NOTE
r-devel-windows-ix86+x86_64 1.0.1 31.00 134.00 165.00 OK
r-patched-linux-x86_64 1.0.1 15.06 68.91 83.97 OK
r-patched-solaris-x86 1.0.1 145.70 NOTE
r-release-linux-x86_64 1.0.1 18.61 68.48 87.09 OK
r-release-windows-ix86+x86_64 1.0.1 31.00 123.00 154.00 OK
r-release-osx-x86_64 1.0.1 NOTE
r-oldrel-windows-ix86+x86_64 1.0.1 10.00 84.00 94.00 OK
r-oldrel-osx-x86_64 1.0.1 NOTE

Check Details

Version: 1.0.1
Check: dependencies in R code
Result: NOTE
    Namespaces in Imports field not imported from:
     ‘gtools’ ‘hashmap’ ‘reshape2’
     All declared Imports should be used.
Flavors: r-devel-linux-x86_64-fedora-clang, r-devel-linux-x86_64-fedora-gcc, r-patched-solaris-x86, r-release-osx-x86_64, r-oldrel-osx-x86_64