CRAN Package Check Results for Package spatstat

Last updated on 2019-01-19 00:46:45 CET.

Flavor Version Tinstall Tcheck Ttotal Status Flags
r-devel-linux-x86_64-debian-clang 1.58-2 135.47 914.38 1049.85 OK --no-tests
r-devel-linux-x86_64-debian-gcc 1.58-2 123.55 691.45 815.00 OK --no-tests
r-devel-linux-x86_64-fedora-clang 1.58-2 1810.83 NOTE
r-devel-linux-x86_64-fedora-gcc 1.58-2 1781.09 OK
r-devel-windows-ix86+x86_64 1.58-2 365.00 548.00 913.00 NOTE --no-examples --no-tests --no-vignettes
r-patched-linux-x86_64 1.58-2 140.13 831.26 971.39 OK --no-tests
r-patched-solaris-x86 1.58-2 2573.10 NOTE
r-release-linux-x86_64 1.58-2 137.44 827.26 964.70 OK --no-tests
r-release-windows-ix86+x86_64 1.58-2 358.00 588.00 946.00 NOTE --no-examples --no-tests --no-vignettes
r-release-osx-x86_64 1.58-2 NOTE
r-oldrel-windows-ix86+x86_64 1.58-2 365.00 445.00 810.00 NOTE --no-examples --no-tests --no-vignettes
r-oldrel-osx-x86_64 1.57-1 NOTE

Check Details

Version: 1.58-2
Check: installed package size
Result: NOTE
     installed size is 17.9Mb
     sub-directories of 1Mb or more:
     R 5.1Mb
     doc 4.8Mb
     help 5.0Mb
     libs 2.0Mb
Flavors: r-devel-linux-x86_64-fedora-clang, r-patched-solaris-x86, r-release-osx-x86_64

Version: 1.58-2
Flags: --no-examples --no-tests --no-vignettes
Check: installed package size
Result: NOTE
     installed size is 17.1Mb
     sub-directories of 1Mb or more:
     R 5.1Mb
     doc 4.8Mb
     help 5.1Mb
     libs 1.2Mb
Flavors: r-devel-windows-ix86+x86_64, r-release-windows-ix86+x86_64, r-oldrel-windows-ix86+x86_64

Version: 1.58-2
Check: package dependencies
Result: NOTE
    Package suggested but not available for checking: ‘rpanel’
Flavor: r-release-osx-x86_64

Version: 1.57-1
Check: installed package size
Result: NOTE
     installed size is 18.0Mb
     sub-directories of 1Mb or more:
     R 5.0Mb
     doc 5.4Mb
     help 5.1Mb
     libs 1.6Mb
Flavor: r-oldrel-osx-x86_64