CRAN Package Check Results for Package specmine

Last updated on 2019-01-19 00:46:45 CET.

Flavor Version Tinstall Tcheck Ttotal Status Flags
r-devel-linux-x86_64-debian-clang 2.0.3 14.39 233.27 247.66 NOTE
r-devel-linux-x86_64-debian-gcc 2.0.3 10.90 179.21 190.11 NOTE
r-devel-linux-x86_64-fedora-clang 2.0.3 303.20 NOTE
r-devel-linux-x86_64-fedora-gcc 2.0.3 296.81 NOTE
r-devel-windows-ix86+x86_64 2.0.3 102.00 381.00 483.00 OK
r-patched-linux-x86_64 2.0.3 12.62 217.64 230.26 NOTE
r-release-linux-x86_64 2.0.3 11.70 216.84 228.54 NOTE
r-release-windows-ix86+x86_64 2.0.3 159.00 330.00 489.00 NOTE
r-release-osx-x86_64 2.0.3 ERROR
r-oldrel-windows-ix86+x86_64 2.0.3 336.00 308.00 644.00 NOTE
r-oldrel-osx-x86_64 2.0.3 ERROR

Check Details

Version: 2.0.3
Check: package dependencies
Result: NOTE
    Package suggested but not available for checking: ‘rcytoscapejs’
Flavors: r-devel-linux-x86_64-debian-clang, r-devel-linux-x86_64-debian-gcc, r-devel-linux-x86_64-fedora-clang, r-devel-linux-x86_64-fedora-gcc, r-patched-linux-x86_64, r-release-linux-x86_64, r-release-windows-ix86+x86_64, r-oldrel-windows-ix86+x86_64

Version: 2.0.3
Check: package dependencies
Result: ERROR
    Packages required but not available: ‘xcms’ ‘MAIT’
    
    Package suggested but not available for checking: ‘rcytoscapejs’
    
    See section ‘The DESCRIPTION file’ in the ‘Writing R Extensions’
    manual.
Flavor: r-release-osx-x86_64

Version: 2.0.3
Check: package dependencies
Result: ERROR
    Package required but not available: ‘MAIT’
    
    Package suggested but not available for checking: ‘rcytoscapejs’
    
    See section ‘The DESCRIPTION file’ in the ‘Writing R Extensions’
    manual.
Flavor: r-oldrel-osx-x86_64