Last updated on 2019-01-19 00:46:45 CET.
Flavor | Version | Tinstall | Tcheck | Ttotal | Status | Flags |
---|---|---|---|---|---|---|
r-devel-linux-x86_64-debian-clang | 1.3.0 | 4.24 | 86.93 | 91.17 | OK | |
r-devel-linux-x86_64-debian-gcc | 1.3.0 | 4.21 | 69.17 | 73.38 | OK | |
r-devel-linux-x86_64-fedora-clang | 1.3.0 | 104.83 | NOTE | |||
r-devel-linux-x86_64-fedora-gcc | 1.3.0 | 101.98 | NOTE | |||
r-devel-windows-ix86+x86_64 | 1.3.0 | 12.00 | 104.00 | 116.00 | OK | |
r-patched-linux-x86_64 | 1.3.0 | 4.16 | 81.30 | 85.46 | OK | |
r-patched-solaris-x86 | 1.3.0 | 154.70 | NOTE | |||
r-release-linux-x86_64 | 1.3.0 | 5.23 | 80.34 | 85.57 | OK | |
r-release-windows-ix86+x86_64 | 1.3.0 | 10.00 | 129.00 | 139.00 | OK | |
r-release-osx-x86_64 | 1.3.0 | WARN | ||||
r-oldrel-windows-ix86+x86_64 | 1.3.0 | 9.00 | 104.00 | 113.00 | OK | |
r-oldrel-osx-x86_64 | 1.3.0 | WARN |
Version: 1.3.0
Check: dependencies in R code
Result: NOTE
Namespace in Imports field not imported from: ‘maptools’
All declared Imports should be used.
Flavors: r-devel-linux-x86_64-fedora-clang, r-devel-linux-x86_64-fedora-gcc, r-patched-solaris-x86, r-release-osx-x86_64, r-oldrel-osx-x86_64
Version: 1.3.0
Check: package dependencies
Result: NOTE
Package suggested but not available for checking: ‘Rmpi’
Flavors: r-release-osx-x86_64, r-oldrel-osx-x86_64
Version: 1.3.0
Check: re-building of vignette outputs
Result: WARN
Error in re-building vignettes:
...
Warning in engine$weave(file, quiet = quiet, encoding = enc) :
Pandoc (>= 1.12.3) and/or pandoc-citeproc not available. Falling back to R Markdown v1.
Loading required package: sp
Warning in grid.Call(C_textBounds, as.graphicsAnnot(x$label), x$x, x$y, :
no font could be found for family "10"
Warning in grid.Call(C_textBounds, as.graphicsAnnot(x$label), x$x, x$y, :
no font could be found for family "10"
Quitting from lines 45-64 (spew-quickstart.Rmd)
Error: processing vignette 'spew-quickstart.Rmd' failed with diagnostics:
polygon edge not found
Execution halted
Flavors: r-release-osx-x86_64, r-oldrel-osx-x86_64