CRAN Package Check Results for Package ssMousetrack

Last updated on 2019-01-19 00:46:45 CET.

Flavor Version Tinstall Tcheck Ttotal Status Flags
r-devel-linux-x86_64-debian-clang 1.1.5 422.32 73.28 495.60 NOTE
r-devel-linux-x86_64-debian-gcc 1.1.5 406.47 71.66 478.13 NOTE
r-devel-linux-x86_64-fedora-clang 1.1.5 738.78 NOTE
r-devel-linux-x86_64-fedora-gcc 1.1.5 718.22 NOTE
r-devel-windows-ix86+x86_64 1.1.5 773.00 189.00 962.00 NOTE
r-patched-linux-x86_64 1.1.5 462.89 84.73 547.62 NOTE
r-patched-solaris-x86 1.1.5 548.30 NOTE
r-release-linux-x86_64 1.1.5 458.17 83.98 542.15 NOTE
r-release-windows-ix86+x86_64 1.1.5 643.00 131.00 774.00 NOTE
r-release-osx-x86_64 1.1.5 NOTE
r-oldrel-windows-ix86+x86_64 1.1.5 760.00 187.00 947.00 NOTE

Check Details

Version: 1.1.5
Check: for GNU extensions in Makefiles
Result: NOTE
    GNU make is a SystemRequirements.
Flavors: r-devel-linux-x86_64-debian-clang, r-devel-linux-x86_64-debian-gcc, r-devel-linux-x86_64-fedora-clang, r-devel-linux-x86_64-fedora-gcc, r-devel-windows-ix86+x86_64, r-patched-linux-x86_64, r-patched-solaris-x86, r-release-linux-x86_64, r-release-windows-ix86+x86_64, r-release-osx-x86_64, r-oldrel-windows-ix86+x86_64

Version: 1.1.5
Check: installed package size
Result: NOTE
     installed size is 78.0Mb
     sub-directories of 1Mb or more:
     libs 77.7Mb
Flavors: r-devel-linux-x86_64-fedora-clang, r-devel-windows-ix86+x86_64, r-release-windows-ix86+x86_64, r-release-osx-x86_64, r-oldrel-windows-ix86+x86_64