CRAN Package Check Results for Package stability

Last updated on 2019-01-19 00:46:45 CET.

Flavor Version Tinstall Tcheck Ttotal Status Flags
r-devel-linux-x86_64-debian-clang 0.5.0 7.07 89.19 96.26 OK
r-devel-linux-x86_64-debian-gcc 0.5.0 4.92 69.77 74.69 OK
r-devel-linux-x86_64-fedora-clang 0.5.0 111.83 OK
r-devel-linux-x86_64-fedora-gcc 0.5.0 104.89 OK
r-devel-windows-ix86+x86_64 0.5.0 19.00 107.00 126.00 OK
r-patched-linux-x86_64 0.5.0 7.03 83.32 90.35 OK
r-patched-solaris-x86 0.5.0 205.30 OK
r-release-linux-x86_64 0.5.0 8.39 82.76 91.15 OK
r-release-windows-ix86+x86_64 0.5.0 18.00 135.00 153.00 OK
r-release-osx-x86_64 0.5.0 OK
r-oldrel-windows-ix86+x86_64 0.5.0 16.00 94.00 110.00 WARN
r-oldrel-osx-x86_64 0.5.0 OK

Check Details

Version: 0.5.0
Check: for unstated dependencies in examples
Result: WARN
    Warning in parse(file = files, n = -1L) :
     invalid input found on input connection 'stability-Ex.R'
Flavor: r-oldrel-windows-ix86+x86_64