Last updated on 2019-01-19 00:46:45 CET.
Flavor | Version | Tinstall | Tcheck | Ttotal | Status | Flags |
---|---|---|---|---|---|---|
r-devel-linux-x86_64-debian-clang | 0.2.1 | 5.34 | 79.68 | 85.02 | OK | |
r-devel-linux-x86_64-debian-gcc | 0.2.1 | 4.94 | 64.55 | 69.49 | OK | |
r-devel-linux-x86_64-fedora-clang | 0.2.1 | 102.12 | OK | |||
r-devel-linux-x86_64-fedora-gcc | 0.2.1 | 96.54 | OK | |||
r-devel-windows-ix86+x86_64 | 0.2.1 | 13.00 | 101.00 | 114.00 | OK | |
r-patched-linux-x86_64 | 0.2.1 | 4.70 | 75.47 | 80.17 | NOTE | |
r-patched-solaris-x86 | 0.2.1 | 163.10 | OK | |||
r-release-linux-x86_64 | 0.2.1 | 5.85 | 74.68 | 80.53 | NOTE | |
r-release-windows-ix86+x86_64 | 0.2.1 | 12.00 | 117.00 | 129.00 | OK | |
r-release-osx-x86_64 | 0.2.1 | OK | ||||
r-oldrel-windows-ix86+x86_64 | 0.2.1 | 12.00 | 133.00 | 145.00 | OK | |
r-oldrel-osx-x86_64 | 0.2.1 | OK |
Version: 0.2.1
Check: DESCRIPTION meta-information
Result: NOTE
Dependence on R version ‘3.3.3’ not with patchlevel 0
Flavors: r-patched-linux-x86_64, r-release-linux-x86_64