CRAN Package Check Results for Package stepPenal

Last updated on 2019-01-19 00:46:45 CET.

Flavor Version Tinstall Tcheck Ttotal Status Flags
r-devel-linux-x86_64-debian-clang 0.2 1.71 24.64 26.35 OK
r-devel-linux-x86_64-debian-gcc 0.2 1.62 19.76 21.38 OK
r-devel-linux-x86_64-fedora-clang 0.2 30.86 OK
r-devel-linux-x86_64-fedora-gcc 0.2 29.09 OK
r-devel-windows-ix86+x86_64 0.2 5.00 37.00 42.00 OK
r-patched-linux-x86_64 0.2 1.61 23.11 24.72 OK
r-patched-solaris-x86 0.2 45.80 OK
r-release-linux-x86_64 0.2 1.33 22.84 24.17 OK
r-release-windows-ix86+x86_64 0.2 5.00 49.00 54.00 OK
r-release-osx-x86_64 0.2 OK
r-oldrel-osx-x86_64 0.2 ERROR

Check Details

Version: 0.2
Check: whether package can be installed
Result: ERROR
    Installation failed.
Flavor: r-oldrel-osx-x86_64