CRAN Package Check Results for Package stoRy

Last updated on 2019-01-19 00:46:46 CET.

Flavor Version Tinstall Tcheck Ttotal Status Flags
r-devel-linux-x86_64-debian-clang 0.1.2 8.71 81.76 90.47 OK
r-devel-linux-x86_64-debian-gcc 0.1.2 7.37 63.75 71.12 OK
r-devel-linux-x86_64-fedora-clang 0.1.2 105.91 NOTE
r-devel-linux-x86_64-fedora-gcc 0.1.2 103.70 NOTE
r-devel-windows-ix86+x86_64 0.1.2 21.00 119.00 140.00 NOTE
r-patched-linux-x86_64 0.1.2 7.06 72.56 79.62 OK
r-patched-solaris-x86 0.1.2 174.50 NOTE
r-release-linux-x86_64 0.1.2 6.77 72.54 79.31 OK
r-release-windows-ix86+x86_64 0.1.2 21.00 141.00 162.00 NOTE
r-release-osx-x86_64 0.1.2 NOTE
r-oldrel-windows-ix86+x86_64 0.1.2 24.00 95.00 119.00 NOTE
r-oldrel-osx-x86_64 0.1.2 NOTE

Check Details

Version: 0.1.2
Check: installed package size
Result: NOTE
     installed size is 5.6Mb
     sub-directories of 1Mb or more:
     R 2.0Mb
     datasets 2.6Mb
Flavors: r-devel-linux-x86_64-fedora-clang, r-devel-windows-ix86+x86_64, r-patched-solaris-x86, r-release-windows-ix86+x86_64, r-release-osx-x86_64, r-oldrel-windows-ix86+x86_64, r-oldrel-osx-x86_64

Version: 0.1.2
Check: data for non-ASCII characters
Result: NOTE
     Note: found 328 marked UTF-8 strings
Flavors: r-devel-linux-x86_64-fedora-clang, r-devel-linux-x86_64-fedora-gcc, r-patched-solaris-x86, r-release-osx-x86_64, r-oldrel-osx-x86_64