CRAN Package Check Results for Package surrosurv

Last updated on 2019-01-19 00:46:46 CET.

Flavor Version Tinstall Tcheck Ttotal Status Flags
r-devel-linux-x86_64-fedora-clang 1.1.25 154.77 OK
r-devel-linux-x86_64-fedora-gcc 1.1.25 148.39 OK
r-patched-solaris-x86 1.1.25 219.30 OK
r-release-osx-x86_64 1.1.24 NOTE
r-oldrel-osx-x86_64 1.1.24 WARN

Check Details

Version: 1.1.24
Check: files in ‘vignettes’
Result: NOTE
    Files named as vignettes but with no recognized vignette engine:
     ‘vignettes/copulas-concordance.tex’
     ‘vignettes/surrosurv.tex’
    (Is a VignetteBuilder field missing?)
Flavor: r-release-osx-x86_64

Version: 1.1.24
Check: re-building of vignette outputs
Result: WARN
    Error in re-building vignettes:
     ...
    Warning in buildVignettes(dir = "/Volumes/SSD-Data/Builds/R-dev-web/QA/Simon/packages/el-capitan-x86_64/results/3.4/surrosurv.Rcheck/vign_test/surrosurv") :
     Files named as vignettes but with no recognized vignette engine:
     ‘vignettes/copulas-concordance.tex’
     ‘vignettes/surrosurv.tex’
    (Is a VignetteBuilder field missing?)
    Error in texi2dvi(file = file, pdf = TRUE, clean = clean, quiet = quiet, :
     Running 'texi2dvi' on 'copulas.tex' failed.
    LaTeX errors:
    ! LaTeX Error: File `fullpage.sty' not found.
    
    Type X to quit or <RETURN> to proceed,
    or enter new name. (Default extension: sty)
    
    ! Emergency stop.
    <read *>
    
    l.3 \usepackage
     {amsmath, natbib, hyperref, doi}^^M
    ! ==> Fatal error occurred, no output PDF file produced!
    Calls: buildVignettes -> texi2pdf -> texi2dvi
    Execution halted
Flavor: r-oldrel-osx-x86_64