Last updated on 2019-01-19 00:46:46 CET.
Flavor | Version | Tinstall | Tcheck | Ttotal | Status | Flags |
---|---|---|---|---|---|---|
r-devel-linux-x86_64-debian-clang | 0.9.3 | 1.99 | 183.11 | 185.10 | OK | |
r-devel-linux-x86_64-debian-gcc | 0.9.3 | 1.67 | 132.32 | 133.99 | OK | |
r-devel-linux-x86_64-fedora-clang | 0.9.3 | 210.81 | NOTE | |||
r-devel-linux-x86_64-fedora-gcc | 0.9.3 | 198.00 | NOTE | |||
r-devel-windows-ix86+x86_64 | 0.9.3 | 5.00 | 206.00 | 211.00 | OK | |
r-patched-linux-x86_64 | 0.9.3 | 1.90 | 163.20 | 165.10 | OK | |
r-patched-solaris-x86 | 0.9.3 | 259.50 | NOTE | |||
r-release-linux-x86_64 | 0.9.3 | 1.94 | 163.18 | 165.12 | OK | |
r-release-windows-ix86+x86_64 | 0.9.3 | 5.00 | 228.00 | 233.00 | OK | |
r-release-osx-x86_64 | 0.9.3 | NOTE | ||||
r-oldrel-windows-ix86+x86_64 | 0.9.3 | 6.00 | 250.00 | 256.00 | OK | |
r-oldrel-osx-x86_64 | 0.9.3 | NOTE |
Version: 0.9.3
Check: dependencies in R code
Result: NOTE
Namespace in Imports field not imported from: ‘cowplot’
All declared Imports should be used.
Flavors: r-devel-linux-x86_64-fedora-clang, r-devel-linux-x86_64-fedora-gcc, r-patched-solaris-x86, r-release-osx-x86_64, r-oldrel-osx-x86_64