CRAN Package Check Results for Package sys

Last updated on 2019-01-19 00:46:46 CET.

Flavor Version Tinstall Tcheck Ttotal Status Flags
r-devel-linux-x86_64-debian-clang 2.1 2.42 35.32 37.74 OK
r-devel-linux-x86_64-debian-gcc 2.1 1.49 27.04 28.53 OK
r-devel-linux-x86_64-fedora-clang 2.1 45.64 OK
r-devel-linux-x86_64-fedora-gcc 2.1 42.57 OK
r-devel-windows-ix86+x86_64 2.1 25.00 92.00 117.00 NOTE
r-patched-linux-x86_64 2.1 1.70 33.13 34.83 OK
r-patched-solaris-x86 2.1 66.90 OK
r-release-linux-x86_64 2.1 2.04 33.89 35.93 OK
r-release-windows-ix86+x86_64 2.1 11.00 73.00 84.00 NOTE
r-release-osx-x86_64 2.1 OK
r-oldrel-windows-ix86+x86_64 2.1 13.00 55.00 68.00 NOTE
r-oldrel-osx-x86_64 2.1 OK

Check Details

Version: 2.1
Check: package dependencies
Result: NOTE
    Package suggested but not available for checking: 'unix'
Flavors: r-devel-windows-ix86+x86_64, r-release-windows-ix86+x86_64, r-oldrel-windows-ix86+x86_64

Version: 2.1
Check: Rd cross-references
Result: NOTE
    Package unavailable to check Rd xrefs: 'unix'
Flavors: r-devel-windows-ix86+x86_64, r-release-windows-ix86+x86_64, r-oldrel-windows-ix86+x86_64