Last updated on 2019-01-19 00:46:46 CET.
Flavor | Version | Tinstall | Tcheck | Ttotal | Status | Flags |
---|---|---|---|---|---|---|
r-devel-linux-x86_64-debian-clang | 1.0.4 | 10.00 | 137.16 | 147.16 | OK | |
r-devel-linux-x86_64-debian-gcc | 1.0.4 | 8.33 | 107.36 | 115.69 | OK | |
r-devel-linux-x86_64-fedora-clang | 1.0.4 | 182.30 | NOTE | |||
r-devel-linux-x86_64-fedora-gcc | 1.0.4 | 172.16 | OK | |||
r-devel-windows-ix86+x86_64 | 1.0.4 | 19.00 | 161.00 | 180.00 | OK | |
r-patched-linux-x86_64 | 1.0.4 | 8.91 | 133.18 | 142.09 | OK | |
r-patched-solaris-x86 | 1.0.4 | 328.40 | NOTE | |||
r-release-linux-x86_64 | 1.0.4 | 8.75 | 133.45 | 142.20 | OK | |
r-release-windows-ix86+x86_64 | 1.0.4 | 21.00 | 182.00 | 203.00 | OK | |
r-release-osx-x86_64 | 1.0.4 | OK | ||||
r-oldrel-windows-ix86+x86_64 | 1.0.4 | 20.00 | 196.00 | 216.00 | OK | |
r-oldrel-osx-x86_64 | 1.0.4 | OK |
Version: 1.0.4
Check: installed package size
Result: NOTE
installed size is 5.0Mb
sub-directories of 1Mb or more:
R 1.3Mb
extdata 3.1Mb
Flavors: r-devel-linux-x86_64-fedora-clang, r-patched-solaris-x86