CRAN Package Check Results for Package tabularaster

Last updated on 2019-01-19 00:46:46 CET.

Flavor Version Tinstall Tcheck Ttotal Status Flags
r-devel-linux-x86_64-debian-clang 0.5.0 10.76 163.08 173.84 OK
r-devel-linux-x86_64-debian-gcc 0.5.0 11.47 125.98 137.45 OK
r-devel-linux-x86_64-fedora-clang 0.5.0 175.63 NOTE
r-devel-linux-x86_64-fedora-gcc 0.5.0 168.39 NOTE
r-devel-windows-ix86+x86_64 0.5.0 32.00 259.00 291.00 OK
r-patched-linux-x86_64 0.5.0 12.70 152.93 165.63 OK
r-patched-solaris-x86 0.5.0 272.30 NOTE
r-release-linux-x86_64 0.5.0 11.80 151.92 163.72 OK
r-release-windows-ix86+x86_64 0.5.0 36.00 215.00 251.00 OK
r-release-osx-x86_64 0.5.0 NOTE
r-oldrel-windows-ix86+x86_64 0.5.0 30.00 200.00 230.00 OK
r-oldrel-osx-x86_64 0.5.0 NOTE

Check Details

Version: 0.5.0
Check: dependencies in R code
Result: NOTE
    Namespace in Imports field not imported from: ‘methods’
     All declared Imports should be used.
Flavors: r-devel-linux-x86_64-fedora-clang, r-devel-linux-x86_64-fedora-gcc, r-patched-solaris-x86, r-release-osx-x86_64, r-oldrel-osx-x86_64