Last updated on 2019-01-19 00:46:47 CET.
Flavor | Version | Tinstall | Tcheck | Ttotal | Status | Flags |
---|---|---|---|---|---|---|
r-devel-linux-x86_64-debian-clang | 0.3.0 | 2.77 | 39.12 | 41.89 | OK | |
r-devel-linux-x86_64-debian-gcc | 0.3.0 | 1.88 | 30.39 | 32.27 | OK | |
r-devel-linux-x86_64-fedora-clang | 0.3.0 | 48.41 | NOTE | |||
r-devel-linux-x86_64-fedora-gcc | 0.3.0 | 46.15 | NOTE | |||
r-devel-windows-ix86+x86_64 | 0.3.0 | 8.00 | 78.00 | 86.00 | OK | |
r-patched-linux-x86_64 | 0.3.0 | 2.23 | 36.05 | 38.28 | OK | |
r-patched-solaris-x86 | 0.3.0 | 77.00 | NOTE | |||
r-release-linux-x86_64 | 0.3.0 | 2.02 | 35.77 | 37.79 | OK | |
r-release-windows-ix86+x86_64 | 0.3.0 | 8.00 | 68.00 | 76.00 | OK | |
r-release-osx-x86_64 | 0.3.0 | NOTE | ||||
r-oldrel-windows-ix86+x86_64 | 0.3.0 | 11.00 | 59.00 | 70.00 | OK | |
r-oldrel-osx-x86_64 | 0.3.0 | NOTE |
Version: 0.3.0
Check: dependencies in R code
Result: NOTE
Namespace in Imports field not imported from: ‘utils’
All declared Imports should be used.
Flavors: r-devel-linux-x86_64-fedora-clang, r-devel-linux-x86_64-fedora-gcc, r-patched-solaris-x86, r-release-osx-x86_64, r-oldrel-osx-x86_64