Last updated on 2019-01-19 00:46:47 CET.
Flavor | Version | Tinstall | Tcheck | Ttotal | Status | Flags |
---|---|---|---|---|---|---|
r-devel-linux-x86_64-debian-clang | 2.0-5 | 4.77 | 71.82 | 76.59 | OK | |
r-devel-linux-x86_64-debian-gcc | 2.0-5 | 3.97 | 55.91 | 59.88 | OK | |
r-devel-linux-x86_64-fedora-clang | 2.0-5 | 88.25 | OK | |||
r-devel-linux-x86_64-fedora-gcc | 2.0-5 | 83.50 | OK | |||
r-devel-windows-ix86+x86_64 | 2.0-5 | 9.00 | 121.00 | 130.00 | OK | |
r-patched-linux-x86_64 | 2.0-5 | 3.73 | 67.29 | 71.02 | OK | |
r-patched-solaris-x86 | 2.0-5 | 132.70 | OK | |||
r-release-linux-x86_64 | 2.0-5 | 3.81 | 66.01 | 69.82 | OK | |
r-release-windows-ix86+x86_64 | 2.0-5 | 9.00 | 112.00 | 121.00 | OK | |
r-release-osx-x86_64 | 2.0-5 | WARN | ||||
r-oldrel-windows-ix86+x86_64 | 2.0-5 | 9.00 | 75.00 | 84.00 | OK | |
r-oldrel-osx-x86_64 | 2.0-5 | OK |
Version: 2.0-5
Check: examples
Result: WARN
Found the following significant warnings:
Warning: 'rBind' is deprecated.
Deprecated functions may be defunct as soon as of the next release of
R.
See ?Deprecated.
Flavor: r-release-osx-x86_64