Last updated on 2019-01-19 00:46:47 CET.
Flavor | Version | Tinstall | Tcheck | Ttotal | Status | Flags |
---|---|---|---|---|---|---|
r-devel-linux-x86_64-debian-clang | 0.4.4 | 1.83 | 26.57 | 28.40 | OK | |
r-devel-linux-x86_64-debian-gcc | 0.4.4 | 1.72 | 21.10 | 22.82 | OK | |
r-devel-linux-x86_64-fedora-clang | 0.4.4 | 33.70 | NOTE | |||
r-devel-linux-x86_64-fedora-gcc | 0.4.4 | 31.73 | NOTE | |||
r-devel-windows-ix86+x86_64 | 0.4.4 | 7.00 | 40.00 | 47.00 | OK | |
r-patched-linux-x86_64 | 0.4.4 | 1.83 | 24.36 | 26.19 | OK | |
r-patched-solaris-x86 | 0.4.4 | 47.60 | NOTE | |||
r-release-linux-x86_64 | 0.4.4 | 2.27 | 24.38 | 26.65 | OK | |
r-release-windows-ix86+x86_64 | 0.4.4 | 6.00 | 51.00 | 57.00 | OK | |
r-release-osx-x86_64 | 0.4.4 | NOTE | ||||
r-oldrel-windows-ix86+x86_64 | 0.4.4 | 6.00 | 35.00 | 41.00 | OK | |
r-oldrel-osx-x86_64 | 0.4.4 | NOTE |
Version: 0.4.4
Check: data for non-ASCII characters
Result: NOTE
Note: found 30 marked UTF-8 strings
Flavors: r-devel-linux-x86_64-fedora-clang, r-devel-linux-x86_64-fedora-gcc, r-patched-solaris-x86, r-release-osx-x86_64, r-oldrel-osx-x86_64