CRAN Package Check Results for Package tidyRSS

Last updated on 2019-01-19 00:46:47 CET.

Flavor Version Tinstall Tcheck Ttotal Status Flags
r-devel-linux-x86_64-debian-clang 1.2.7 3.77 49.46 53.23 OK
r-devel-linux-x86_64-debian-gcc 1.2.7 4.14 40.33 44.47 OK
r-devel-linux-x86_64-fedora-clang 1.2.7 65.49 NOTE
r-devel-linux-x86_64-fedora-gcc 1.2.7 60.41 NOTE
r-devel-windows-ix86+x86_64 1.2.7 11.00 107.00 118.00 OK
r-patched-linux-x86_64 1.2.7 4.04 45.34 49.38 OK
r-patched-solaris-x86 1.2.7 109.40 NOTE
r-release-linux-x86_64 1.2.7 4.20 44.95 49.15 OK
r-release-windows-ix86+x86_64 1.2.7 11.00 99.00 110.00 OK
r-release-osx-x86_64 1.2.7 NOTE
r-oldrel-windows-ix86+x86_64 1.2.7 13.00 63.00 76.00 OK
r-oldrel-osx-x86_64 1.2.7 NOTE

Check Details

Version: 1.2.7
Check: dependencies in R code
Result: NOTE
    Namespace in Imports field not imported from: ‘testthat’
     All declared Imports should be used.
Flavors: r-devel-linux-x86_64-fedora-clang, r-devel-linux-x86_64-fedora-gcc, r-patched-solaris-x86, r-release-osx-x86_64, r-oldrel-osx-x86_64