CRAN Package Check Results for Package udunits2

Last updated on 2019-01-19 00:46:48 CET.

Flavor Version Tinstall Tcheck Ttotal Status Flags
r-devel-linux-x86_64-debian-clang 0.13 3.86 17.85 21.71 OK
r-devel-linux-x86_64-debian-gcc 0.13 2.61 14.30 16.91 OK
r-devel-linux-x86_64-fedora-clang 0.13 25.42 NOTE
r-devel-linux-x86_64-fedora-gcc 0.13 23.58 NOTE
r-devel-windows-ix86+x86_64 0.13 9.00 60.00 69.00 OK
r-patched-linux-x86_64 0.13 2.91 16.44 19.35 OK
r-patched-solaris-x86 0.13 39.50 OK
r-release-linux-x86_64 0.13 3.19 16.69 19.88 OK
r-release-windows-ix86+x86_64 0.13 11.00 37.00 48.00 OK
r-release-osx-x86_64 0.13 OK
r-oldrel-windows-ix86+x86_64 0.13 9.00 45.00 54.00 OK
r-oldrel-osx-x86_64 0.13 OK

Check Details

Version: 0.13
Check: compiled code
Result: NOTE
    File ‘udunits2/libs/udunits2.so’:
     Found no calls to: ‘R_registerRoutines’, ‘R_useDynamicSymbols’
    
    It is good practice to register native routines and to disable symbol
    search.
    
    See ‘Writing portable packages’ in the ‘Writing R Extensions’ manual.
Flavors: r-devel-linux-x86_64-fedora-clang, r-devel-linux-x86_64-fedora-gcc