Last updated on 2019-01-19 00:46:49 CET.
Flavor | Version | Tinstall | Tcheck | Ttotal | Status | Flags |
---|---|---|---|---|---|---|
r-devel-linux-x86_64-debian-clang | 0.2.6 | 1.89 | 58.63 | 60.52 | OK | |
r-devel-linux-x86_64-debian-gcc | 0.2.6 | 1.46 | 45.32 | 46.78 | OK | |
r-devel-linux-x86_64-fedora-clang | 0.2.6 | 71.33 | NOTE | |||
r-devel-linux-x86_64-fedora-gcc | 0.2.6 | 66.26 | NOTE | |||
r-devel-windows-ix86+x86_64 | 0.2.6 | 6.00 | 95.00 | 101.00 | OK | |
r-patched-linux-x86_64 | 0.2.6 | 1.80 | 54.65 | 56.45 | OK | |
r-patched-solaris-x86 | 0.2.6 | 106.90 | NOTE | |||
r-release-linux-x86_64 | 0.2.6 | 1.59 | 55.58 | 57.17 | OK | |
r-release-windows-ix86+x86_64 | 0.2.6 | 7.00 | 97.00 | 104.00 | OK | |
r-release-osx-x86_64 | 0.2.6 | NOTE | ||||
r-oldrel-windows-ix86+x86_64 | 0.2.6 | 7.00 | 108.00 | 115.00 | OK | |
r-oldrel-osx-x86_64 | 0.2.6 | NOTE |
Version: 0.2.6
Check: dependencies in R code
Result: NOTE
Namespaces in Imports field not imported from:
‘Rdpack’ ‘maptools’ ‘rgeos’
All declared Imports should be used.
Flavors: r-devel-linux-x86_64-fedora-clang, r-devel-linux-x86_64-fedora-gcc, r-patched-solaris-x86, r-release-osx-x86_64, r-oldrel-osx-x86_64