CRAN Package Check Results for Package vegalite

Last updated on 2019-01-19 00:46:49 CET.

Flavor Version Tinstall Tcheck Ttotal Status Flags
r-devel-linux-x86_64-debian-clang 0.6.1 4.36 49.87 54.23 OK
r-devel-linux-x86_64-debian-gcc 0.6.1 3.17 38.58 41.75 OK
r-devel-linux-x86_64-fedora-clang 0.6.1 64.03 OK
r-devel-linux-x86_64-fedora-gcc 0.6.1 59.58 OK
r-devel-windows-ix86+x86_64 0.6.1 12.00 94.00 106.00 ERROR
r-patched-linux-x86_64 0.6.1 4.26 47.13 51.39 OK
r-patched-solaris-x86 0.6.1 84.10 WARN
r-release-linux-x86_64 0.6.1 3.53 46.20 49.73 OK
r-release-windows-ix86+x86_64 0.6.1 10.00 100.00 110.00 ERROR
r-release-osx-x86_64 0.6.1 WARN
r-oldrel-windows-ix86+x86_64 0.6.1 9.00 73.00 82.00 ERROR
r-oldrel-osx-x86_64 0.6.1 WARN

Check Details

Version: 0.6.1
Check: examples
Result: ERROR
    Running examples in 'vegalite-Ex.R' failed
    The error most likely occurred in:
    
    > ### Name: from_spec
    > ### Title: Take a JSON Vega-Lite Spec and render as an htmlwidget
    > ### Aliases: from_spec
    >
    > ### ** Examples
    >
    > from_spec("http://rud.is/dl/embedded.json")
    Warning in file(con, "r") :
     InternetOpenUrl failed: 'Die Serververbindung wurde zurückgesetzt.'
    Error in file(con, "r") : cannot open the connection
    Calls: from_spec -> readLines -> file
    Execution halted
Flavor: r-devel-windows-ix86+x86_64

Version: 0.6.1
Check: re-building of vignette outputs
Result: WARN
    Error in re-building vignettes:
     ...
    Warning in engine$weave(file, quiet = quiet, encoding = enc) :
     Pandoc (>= 1.12.3) and/or pandoc-citeproc not available. Falling back to R Markdown v1.
    Quitting from lines 24-36 (intro_to_vegalite.Rmd)
    Error: processing vignette 'intro_to_vegalite.Rmd' failed with diagnostics:
    cannot open the connection
    Execution halted
Flavors: r-patched-solaris-x86, r-release-osx-x86_64, r-oldrel-osx-x86_64

Version: 0.6.1
Check: examples
Result: ERROR
    Running examples in 'vegalite-Ex.R' failed
    The error most likely occurred in:
    
    > ### Name: from_spec
    > ### Title: Take a JSON Vega-Lite Spec and render as an htmlwidget
    > ### Aliases: from_spec
    >
    > ### ** Examples
    >
    > from_spec("http://rud.is/dl/embedded.json")
    Warning in file(con, "r") :
     InternetOpenUrl failed: 'Eine Umleitungsanforderung ändert eine nicht sichere in eine sichere Verbindung.'
    Error in file(con, "r") : cannot open the connection
    Calls: from_spec -> readLines -> file
    Execution halted
Flavors: r-release-windows-ix86+x86_64, r-oldrel-windows-ix86+x86_64