Last updated on 2019-01-19 00:46:49 CET.
Flavor | Version | Tinstall | Tcheck | Ttotal | Status | Flags |
---|---|---|---|---|---|---|
r-devel-linux-x86_64-debian-clang | 0.8.1 | 4.88 | 67.32 | 72.20 | OK | |
r-devel-linux-x86_64-debian-gcc | 0.8.1 | 4.03 | 53.41 | 57.44 | OK | |
r-devel-linux-x86_64-fedora-clang | 0.8.1 | 88.16 | NOTE | |||
r-devel-linux-x86_64-fedora-gcc | 0.8.1 | 80.49 | NOTE | |||
r-devel-windows-ix86+x86_64 | 0.8.1 | 11.00 | 108.00 | 119.00 | OK | |
r-patched-linux-x86_64 | 0.8.1 | 3.27 | 62.50 | 65.77 | OK | |
r-patched-solaris-x86 | 0.8.1 | 122.90 | NOTE | |||
r-release-linux-x86_64 | 0.8.1 | 4.35 | 62.98 | 67.33 | OK | |
r-release-windows-ix86+x86_64 | 0.8.1 | 9.00 | 103.00 | 112.00 | OK | |
r-release-osx-x86_64 | 0.8.1 | NOTE | ||||
r-oldrel-windows-ix86+x86_64 | 0.8.1 | 10.00 | 116.00 | 126.00 | OK | |
r-oldrel-osx-x86_64 | 0.8.1 | NOTE |
Version: 0.8.1
Check: dependencies in R code
Result: NOTE
Namespace in Imports field not imported from: ‘rpart’
All declared Imports should be used.
Flavors: r-devel-linux-x86_64-fedora-clang, r-devel-linux-x86_64-fedora-gcc, r-patched-solaris-x86, r-release-osx-x86_64, r-oldrel-osx-x86_64